{"id":595,"date":"2016-09-22T14:22:05","date_gmt":"2016-09-22T12:22:05","guid":{"rendered":"http:\/\/gebrueder-schmid-zentrum.de\/fachtagung\/?page_id=595"},"modified":"2016-11-15T14:48:13","modified_gmt":"2016-11-15T13:48:13","slug":"vorwort-buergermeister-werner-woelfle-2","status":"publish","type":"page","link":"https:\/\/gebrueder-schmid-zentrum.de\/fachtagung\/vorwort-buergermeister-werner-woelfle-2\/","title":{"rendered":"Vorwort B\u00fcrgermeister Werner W\u00f6lfle"},"content":{"rendered":"<h4><span style=\"color: #000000;\"><img loading=\"lazy\" class=\"alignleft wp-image-597\" title=\"Foto: Werner W\u00f6lfle\" src=\"http:\/\/gebrueder-schmid-zentrum.de\/fachtagung\/wp-content\/uploads\/2016\/09\/FotoBMWerner-W\u00f6lfle-200x300.jpg\" width=\"134\" height=\"202\" srcset=\"https:\/\/gebrueder-schmid-zentrum.de\/fachtagung\/wp-content\/uploads\/2016\/09\/FotoBMWerner-W\u00f6lfle-200x300.jpg 200w, https:\/\/gebrueder-schmid-zentrum.de\/fachtagung\/wp-content\/uploads\/2016\/09\/FotoBMWerner-W\u00f6lfle.jpg 500w\" sizes=\"(max-width: 134px) 100vw, 134px\" \/><\/span><span style=\"color: #000000;\">\u201cJeder ist seines Gl\u00fcckes Schmied\u201c hei\u00dft es. Warum also machen eine (fast) gleichnamige Stiftung und eine Stadt gemeinsam eine Tagung zum Thema <\/span><span style=\"color: #000000;\">\u201cGl\u00fcck\u201c? Genau darum: Weil auch eine Stadt und gute Nachbarschaften zum Gl\u00fcck ihrer Einwohnerinnen und Einwohner beitragen. Vorstellungen von Gl\u00fcck im Sinne von Lebenszufriedenheit kann man entwickeln. Genauso wie sich die Menschen auf die philosophische Frage nach dem <\/span><span style=\"color: #000000;\">\u201cguten Leben\u201c immer wieder um zeitgem\u00e4\u00dfe Antworten bem\u00fchen m\u00fcssen.<\/span><\/h4>\n<p><span style=\"color: #000000;\"><strong>Mit der Tagung \u201cGl\u00fcck im Quartier\u201c wollen wir das in Stuttgart tun. Ganz konkret und mit Bezug auf hochaktuelle Themen, die uns \u2013 und viele St\u00e4dte und Kommunen in Deutschland und auf der Welt \u2013 besch\u00e4ftigen.<\/strong><\/span><\/p>\n<h4><span style=\"color: #000000;\">Nat\u00fcrlich versuchen wir als Kommune unser Handeln daran zu orientieren, was f\u00fcr die Menschen in Stuttgart <\/span><span style=\"color: #000000;\">\u201cgutes Leben\u201c bedeutet. Zum Beispiel, dass die Menschen gute, sinnhafte Arbeit in unserer Stadt finden und zugleich Zeit f\u00fcr ihr soziales und famili\u00e4res Leben haben. Dass wir in der kulturell vielf\u00e4ltigen Stadtgesellschaft klare Vorstellungen von Integration haben, den Dialog der Kulturen und Religionen f\u00f6rdern und in die integrative Kraft von Bildungsma\u00dfnahmen investieren. Dass wir mit sozialen Einrichtungen wie den Mehrgenerationenh\u00e4usern der Rudolf Schmid und Hermann Schmid Stiftung den Zusammenhalt im Quartier st\u00e4rken. Und dass wir bei m\u00f6glichst vielen Themen und Entwicklungsprozessen auf B\u00fcrgerbeteiligung setzen und den Austausch mit den Menschen in unserer Stadt suchen.<\/span><\/h4>\n<h4><span style=\"color: #000000;\">Dabei hilft es, wenn man die Blickrichtung wechselt. Als lernende Stadt schauen wir gerne auch auf andere. Ich bin gespannt auf den Erfahrungsaustausch mit Bhutan, einem Staat in S\u00fcdasien mit rund 745.000 Einwohnerinnen und Einwohnern, der das Recht auf Gl\u00fcck staatspolitisch verankert hat. Ich freue mich sehr, dass wir Dr. Tho Ha Vinh als Redner und Tagungsbegleiter gewinnen konnten.<\/span><\/h4>\n<h4><span style=\"color: #000000;\">Die Landeshauptstadt Stuttgart hat das Gl\u00fcck, mit der Rudolf Schmid und Hermann Schmid Stiftung eine engagierte Partnerin zu haben, in deren Namen die Tagung veranstaltet wird und die diesen Austausch m\u00f6glich macht.<\/span><\/h4>\n<h4><span style=\"color: #000000;\">Ich w\u00fcnsche uns viele anregende Gespr\u00e4che und neue Impulse.<\/span><br \/>\n<span style=\"color: #000000;\"> Seien Sie herzlich in Stuttgart willkommen!<\/span><\/h4>\n<p><img loading=\"lazy\" class=\"alignnone wp-image-836\" src=\"http:\/\/gebrueder-schmid-zentrum.de\/fachtagung\/wp-content\/uploads\/2016\/09\/Unterschrift2-3-300x173.jpg\" alt=\"unterschrift2-3\" width=\"102\" height=\"59\" srcset=\"https:\/\/gebrueder-schmid-zentrum.de\/fachtagung\/wp-content\/uploads\/2016\/09\/Unterschrift2-3-300x173.jpg 300w, https:\/\/gebrueder-schmid-zentrum.de\/fachtagung\/wp-content\/uploads\/2016\/09\/Unterschrift2-3.jpg 587w\" sizes=\"(max-width: 102px) 100vw, 102px\" \/><span style=\"color: #000000;\"><strong><br \/>\nWerner W\u00f6lfle<\/strong><\/span><br \/>\n<span style=\"color: #000000;\"><strong>B\u00fcrgermeister f\u00fcr Soziales und gesellschaftliche Integration<\/strong><\/span><\/p>\n","protected":false},"excerpt":{"rendered":"<p>\u201cJeder ist seines Gl\u00fcckes Schmied\u201c hei\u00dft es. Warum also machen eine (fast) gleichnamige Stiftung und eine Stadt gemeinsam eine Tagung zum Thema \u201cGl\u00fcck\u201c? Genau darum: Weil auch eine Stadt und gute Nachbarschaften zum Gl\u00fcck ihrer Einwohnerinnen und Einwohner beitragen. Vorstellungen von Gl\u00fcck im Sinne von Lebenszufriedenheit kann man entwickeln. Genauso wie sich die Menschen auf [&hellip;]<\/p>\n","protected":false},"author":2,"featured_media":0,"parent":0,"menu_order":0,"comment_status":"closed","ping_status":"closed","template":"","meta":[],"yoast_head":"<!-- This site is optimized with the Yoast SEO plugin v18.4.1 - https:\/\/yoast.com\/wordpress\/plugins\/seo\/ -->\n<title>Vorwort B\u00fcrgermeister Werner W\u00f6lfle - Fachtagung<\/title>\n<meta name=\"robots\" content=\"index, follow, max-snippet:-1, max-image-preview:large, max-video-preview:-1\" \/>\n<link rel=\"canonical\" href=\"https:\/\/gebrueder-schmid-zentrum.de\/fachtagung\/vorwort-buergermeister-werner-woelfle-2\/\" \/>\n<meta property=\"og:locale\" content=\"de_DE\" \/>\n<meta property=\"og:type\" content=\"article\" \/>\n<meta property=\"og:title\" content=\"Vorwort B\u00fcrgermeister Werner W\u00f6lfle - Fachtagung\" \/>\n<meta property=\"og:description\" content=\"\u201cJeder ist seines Gl\u00fcckes Schmied\u201c hei\u00dft es. Warum also machen eine (fast) gleichnamige Stiftung und eine Stadt gemeinsam eine Tagung zum Thema \u201cGl\u00fcck\u201c? Genau darum: Weil auch eine Stadt und gute Nachbarschaften zum Gl\u00fcck ihrer Einwohnerinnen und Einwohner beitragen. Vorstellungen von Gl\u00fcck im Sinne von Lebenszufriedenheit kann man entwickeln. Genauso wie sich die Menschen auf [&hellip;]\" \/>\n<meta property=\"og:url\" content=\"https:\/\/gebrueder-schmid-zentrum.de\/fachtagung\/vorwort-buergermeister-werner-woelfle-2\/\" \/>\n<meta property=\"og:site_name\" content=\"Fachtagung\" \/>\n<meta property=\"article:modified_time\" content=\"2016-11-15T13:48:13+00:00\" \/>\n<meta property=\"og:image\" content=\"http:\/\/gebrueder-schmid-zentrum.de\/fachtagung\/wp-content\/uploads\/2016\/09\/FotoBMWerner-W\u00f6lfle-200x300.jpg\" \/>\n<meta name=\"twitter:card\" content=\"summary\" \/>\n<meta name=\"twitter:label1\" content=\"Gesch\u00e4tzte Lesezeit\" \/>\n\t<meta name=\"twitter:data1\" content=\"2\u00a0Minuten\" \/>\n<script type=\"application\/ld+json\" class=\"yoast-schema-graph\">{\"@context\":\"https:\/\/schema.org\",\"@graph\":[{\"@type\":\"WebSite\",\"@id\":\"https:\/\/gebrueder-schmid-zentrum.de\/fachtagung\/#website\",\"url\":\"https:\/\/gebrueder-schmid-zentrum.de\/fachtagung\/\",\"name\":\"Fachtagung\",\"description\":\"\",\"potentialAction\":[{\"@type\":\"SearchAction\",\"target\":{\"@type\":\"EntryPoint\",\"urlTemplate\":\"https:\/\/gebrueder-schmid-zentrum.de\/fachtagung\/?s={search_term_string}\"},\"query-input\":\"required name=search_term_string\"}],\"inLanguage\":\"de\"},{\"@type\":\"ImageObject\",\"@id\":\"https:\/\/gebrueder-schmid-zentrum.de\/fachtagung\/vorwort-buergermeister-werner-woelfle-2\/#primaryimage\",\"inLanguage\":\"de\",\"url\":\"http:\/\/gebrueder-schmid-zentrum.de\/fachtagung\/wp-content\/uploads\/2016\/09\/FotoBMWerner-W\u00f6lfle-200x300.jpg\",\"contentUrl\":\"http:\/\/gebrueder-schmid-zentrum.de\/fachtagung\/wp-content\/uploads\/2016\/09\/FotoBMWerner-W\u00f6lfle-200x300.jpg\"},{\"@type\":\"WebPage\",\"@id\":\"https:\/\/gebrueder-schmid-zentrum.de\/fachtagung\/vorwort-buergermeister-werner-woelfle-2\/#webpage\",\"url\":\"https:\/\/gebrueder-schmid-zentrum.de\/fachtagung\/vorwort-buergermeister-werner-woelfle-2\/\",\"name\":\"Vorwort B\u00fcrgermeister Werner W\u00f6lfle - Fachtagung\",\"isPartOf\":{\"@id\":\"https:\/\/gebrueder-schmid-zentrum.de\/fachtagung\/#website\"},\"primaryImageOfPage\":{\"@id\":\"https:\/\/gebrueder-schmid-zentrum.de\/fachtagung\/vorwort-buergermeister-werner-woelfle-2\/#primaryimage\"},\"datePublished\":\"2016-09-22T12:22:05+00:00\",\"dateModified\":\"2016-11-15T13:48:13+00:00\",\"breadcrumb\":{\"@id\":\"https:\/\/gebrueder-schmid-zentrum.de\/fachtagung\/vorwort-buergermeister-werner-woelfle-2\/#breadcrumb\"},\"inLanguage\":\"de\",\"potentialAction\":[{\"@type\":\"ReadAction\",\"target\":[\"https:\/\/gebrueder-schmid-zentrum.de\/fachtagung\/vorwort-buergermeister-werner-woelfle-2\/\"]}]},{\"@type\":\"BreadcrumbList\",\"@id\":\"https:\/\/gebrueder-schmid-zentrum.de\/fachtagung\/vorwort-buergermeister-werner-woelfle-2\/#breadcrumb\",\"itemListElement\":[{\"@type\":\"ListItem\",\"position\":1,\"name\":\"Startseite\",\"item\":\"https:\/\/gebrueder-schmid-zentrum.de\/fachtagung\/\"},{\"@type\":\"ListItem\",\"position\":2,\"name\":\"Vorwort B\u00fcrgermeister Werner W\u00f6lfle\"}]}]}<\/script>\n<!-- \/ Yoast SEO plugin. -->","yoast_head_json":{"title":"Vorwort B\u00fcrgermeister Werner W\u00f6lfle - Fachtagung","robots":{"index":"index","follow":"follow","max-snippet":"max-snippet:-1","max-image-preview":"max-image-preview:large","max-video-preview":"max-video-preview:-1"},"canonical":"https:\/\/gebrueder-schmid-zentrum.de\/fachtagung\/vorwort-buergermeister-werner-woelfle-2\/","og_locale":"de_DE","og_type":"article","og_title":"Vorwort B\u00fcrgermeister Werner W\u00f6lfle - Fachtagung","og_description":"\u201cJeder ist seines Gl\u00fcckes Schmied\u201c hei\u00dft es. Warum also machen eine (fast) gleichnamige Stiftung und eine Stadt gemeinsam eine Tagung zum Thema \u201cGl\u00fcck\u201c? Genau darum: Weil auch eine Stadt und gute Nachbarschaften zum Gl\u00fcck ihrer Einwohnerinnen und Einwohner beitragen. Vorstellungen von Gl\u00fcck im Sinne von Lebenszufriedenheit kann man entwickeln. Genauso wie sich die Menschen auf [&hellip;]","og_url":"https:\/\/gebrueder-schmid-zentrum.de\/fachtagung\/vorwort-buergermeister-werner-woelfle-2\/","og_site_name":"Fachtagung","article_modified_time":"2016-11-15T13:48:13+00:00","og_image":[{"url":"http:\/\/gebrueder-schmid-zentrum.de\/fachtagung\/wp-content\/uploads\/2016\/09\/FotoBMWerner-W\u00f6lfle-200x300.jpg"}],"twitter_card":"summary","twitter_misc":{"Gesch\u00e4tzte Lesezeit":"2\u00a0Minuten"},"schema":{"@context":"https:\/\/schema.org","@graph":[{"@type":"WebSite","@id":"https:\/\/gebrueder-schmid-zentrum.de\/fachtagung\/#website","url":"https:\/\/gebrueder-schmid-zentrum.de\/fachtagung\/","name":"Fachtagung","description":"","potentialAction":[{"@type":"SearchAction","target":{"@type":"EntryPoint","urlTemplate":"https:\/\/gebrueder-schmid-zentrum.de\/fachtagung\/?s={search_term_string}"},"query-input":"required name=search_term_string"}],"inLanguage":"de"},{"@type":"ImageObject","@id":"https:\/\/gebrueder-schmid-zentrum.de\/fachtagung\/vorwort-buergermeister-werner-woelfle-2\/#primaryimage","inLanguage":"de","url":"http:\/\/gebrueder-schmid-zentrum.de\/fachtagung\/wp-content\/uploads\/2016\/09\/FotoBMWerner-W\u00f6lfle-200x300.jpg","contentUrl":"http:\/\/gebrueder-schmid-zentrum.de\/fachtagung\/wp-content\/uploads\/2016\/09\/FotoBMWerner-W\u00f6lfle-200x300.jpg"},{"@type":"WebPage","@id":"https:\/\/gebrueder-schmid-zentrum.de\/fachtagung\/vorwort-buergermeister-werner-woelfle-2\/#webpage","url":"https:\/\/gebrueder-schmid-zentrum.de\/fachtagung\/vorwort-buergermeister-werner-woelfle-2\/","name":"Vorwort B\u00fcrgermeister Werner W\u00f6lfle - Fachtagung","isPartOf":{"@id":"https:\/\/gebrueder-schmid-zentrum.de\/fachtagung\/#website"},"primaryImageOfPage":{"@id":"https:\/\/gebrueder-schmid-zentrum.de\/fachtagung\/vorwort-buergermeister-werner-woelfle-2\/#primaryimage"},"datePublished":"2016-09-22T12:22:05+00:00","dateModified":"2016-11-15T13:48:13+00:00","breadcrumb":{"@id":"https:\/\/gebrueder-schmid-zentrum.de\/fachtagung\/vorwort-buergermeister-werner-woelfle-2\/#breadcrumb"},"inLanguage":"de","potentialAction":[{"@type":"ReadAction","target":["https:\/\/gebrueder-schmid-zentrum.de\/fachtagung\/vorwort-buergermeister-werner-woelfle-2\/"]}]},{"@type":"BreadcrumbList","@id":"https:\/\/gebrueder-schmid-zentrum.de\/fachtagung\/vorwort-buergermeister-werner-woelfle-2\/#breadcrumb","itemListElement":[{"@type":"ListItem","position":1,"name":"Startseite","item":"https:\/\/gebrueder-schmid-zentrum.de\/fachtagung\/"},{"@type":"ListItem","position":2,"name":"Vorwort B\u00fcrgermeister Werner W\u00f6lfle"}]}]}},"_links":{"self":[{"href":"https:\/\/gebrueder-schmid-zentrum.de\/fachtagung\/wp-json\/wp\/v2\/pages\/595"}],"collection":[{"href":"https:\/\/gebrueder-schmid-zentrum.de\/fachtagung\/wp-json\/wp\/v2\/pages"}],"about":[{"href":"https:\/\/gebrueder-schmid-zentrum.de\/fachtagung\/wp-json\/wp\/v2\/types\/page"}],"author":[{"embeddable":true,"href":"https:\/\/gebrueder-schmid-zentrum.de\/fachtagung\/wp-json\/wp\/v2\/users\/2"}],"replies":[{"embeddable":true,"href":"https:\/\/gebrueder-schmid-zentrum.de\/fachtagung\/wp-json\/wp\/v2\/comments?post=595"}],"version-history":[{"count":25,"href":"https:\/\/gebrueder-schmid-zentrum.de\/fachtagung\/wp-json\/wp\/v2\/pages\/595\/revisions"}],"predecessor-version":[{"id":1059,"href":"https:\/\/gebrueder-schmid-zentrum.de\/fachtagung\/wp-json\/wp\/v2\/pages\/595\/revisions\/1059"}],"wp:attachment":[{"href":"https:\/\/gebrueder-schmid-zentrum.de\/fachtagung\/wp-json\/wp\/v2\/media?parent=595"}],"curies":[{"name":"wp","href":"https:\/\/api.w.org\/{rel}","templated":true}]}}