{"id":326,"date":"2016-09-16T15:34:13","date_gmt":"2016-09-16T13:34:13","guid":{"rendered":"http:\/\/gebrueder-schmid-zentrum.de\/fachtagung\/?page_id=326"},"modified":"2016-09-23T10:20:30","modified_gmt":"2016-09-23T08:20:30","slug":"verena-supper-kurzbiografie","status":"publish","type":"page","link":"https:\/\/gebrueder-schmid-zentrum.de\/fachtagung\/verena-supper-kurzbiografie\/","title":{"rendered":"Verena Supper &#8211; Kurzbiografie"},"content":{"rendered":"<h4><strong><img loading=\"lazy\" class=\"alignleft wp-image-458\" title=\"Foto: Verena Supper\" src=\"http:\/\/gebrueder-schmid-zentrum.de\/fachtagung\/wp-content\/uploads\/2016\/09\/foto-Verena-Supper-klein-213x300.jpg\" alt=\"Foto: Verena Supper\" width=\"115\" height=\"162\" srcset=\"https:\/\/gebrueder-schmid-zentrum.de\/fachtagung\/wp-content\/uploads\/2016\/09\/foto-Verena-Supper-klein-213x300.jpg 213w, https:\/\/gebrueder-schmid-zentrum.de\/fachtagung\/wp-content\/uploads\/2016\/09\/foto-Verena-Supper-klein-768x1082.jpg 768w, https:\/\/gebrueder-schmid-zentrum.de\/fachtagung\/wp-content\/uploads\/2016\/09\/foto-Verena-Supper-klein-727x1024.jpg 727w, https:\/\/gebrueder-schmid-zentrum.de\/fachtagung\/wp-content\/uploads\/2016\/09\/foto-Verena-Supper-klein-624x879.jpg 624w, https:\/\/gebrueder-schmid-zentrum.de\/fachtagung\/wp-content\/uploads\/2016\/09\/foto-Verena-Supper-klein.jpg 1305w\" sizes=\"(max-width: 115px) 100vw, 115px\" \/><\/strong><\/h4>\n<p><strong><br \/>\nVerena Supper, 35, lebt mit Tochter und Partner in Weil am Rhein in Baden-W\u00fcrttemberg. Sie hat mehrere Jahre Erfahrung in der Erwachsenenbildung. Die diplomierte Sozialp\u00e4dagogin ist qualifizierte und zertifizierte Trainerin f\u00fcr das Curriculum Offenes Lernen und Handeln sowie Praxisausbilderin und Praxisexpertin beim M\u00fctterforum Baden-W\u00fcrttemberg e.\u00a0V. f\u00fcr Gastgeberinnen im offenen Treff.<\/strong><\/p>\n<p><strong>Von 2012 bis 2015 koordinierte sie im Familienzentrum Rheinfelden e.\u00a0V. den Offenen Bereich. Von M\u00e4rz 2014 an war sie f\u00fcr das Familienzentrum im Fachdienst Kindertagespflege t\u00e4tig und dort f\u00fcr Beratung, Vermittlung und Begleitung der Tagespflegepersonen zust\u00e4ndig. Den Qualifizierungskurs f\u00fcr Tagespflegepersonen leitete und koordinierte sie von September 2013 an.<\/strong><\/p>\n<p><strong>Im Januar 2016 wechselte sie vom Familienzentrum Rheinfelden e.\u00a0V. in das Familienzentrum Wunderfitz e.\u00a0V. nach Weil am Rhein. Dort leitet sie den Bereich f\u00fcr den Fachdienst Kindertagespflege. Vor ihren T\u00e4tigkeiten in den beiden Familienzentren hat sie in der Schweiz f\u00fcnf Jahre lang in einem Schulheim gearbeitet und war dort mitunter verantwortlich f\u00fcr die Praxisausbildung von Studierenden der Sozialen Arbeit.<\/strong><\/p>\n<p><strong>Ihre Schwerpunkte sind GastgeberInnentrainings, Schulungen in den M\u00fctterzentren, Schulungen f\u00fcr Tagespflegepersonen und Praxisausbildung in der Sozialen Arbeit.<\/strong><\/p>\n","protected":false},"excerpt":{"rendered":"<p>Verena Supper, 35, lebt mit Tochter und Partner in Weil am Rhein in Baden-W\u00fcrttemberg. Sie hat mehrere Jahre Erfahrung in der Erwachsenenbildung. Die diplomierte Sozialp\u00e4dagogin ist qualifizierte und zertifizierte Trainerin f\u00fcr das Curriculum Offenes Lernen und Handeln sowie Praxisausbilderin und Praxisexpertin beim M\u00fctterforum Baden-W\u00fcrttemberg e.\u00a0V. f\u00fcr Gastgeberinnen im offenen Treff. Von 2012 bis 2015 koordinierte [&hellip;]<\/p>\n","protected":false},"author":2,"featured_media":0,"parent":0,"menu_order":0,"comment_status":"closed","ping_status":"closed","template":"","meta":[],"yoast_head":"<!-- This site is optimized with the Yoast SEO plugin v18.4.1 - https:\/\/yoast.com\/wordpress\/plugins\/seo\/ -->\n<title>Verena Supper - Kurzbiografie - Fachtagung<\/title>\n<meta name=\"robots\" content=\"index, follow, max-snippet:-1, max-image-preview:large, max-video-preview:-1\" \/>\n<link rel=\"canonical\" href=\"https:\/\/gebrueder-schmid-zentrum.de\/fachtagung\/verena-supper-kurzbiografie\/\" \/>\n<meta property=\"og:locale\" content=\"de_DE\" \/>\n<meta property=\"og:type\" content=\"article\" \/>\n<meta property=\"og:title\" content=\"Verena Supper - Kurzbiografie - Fachtagung\" \/>\n<meta property=\"og:description\" content=\"Verena Supper, 35, lebt mit Tochter und Partner in Weil am Rhein in Baden-W\u00fcrttemberg. Sie hat mehrere Jahre Erfahrung in der Erwachsenenbildung. Die diplomierte Sozialp\u00e4dagogin ist qualifizierte und zertifizierte Trainerin f\u00fcr das Curriculum Offenes Lernen und Handeln sowie Praxisausbilderin und Praxisexpertin beim M\u00fctterforum Baden-W\u00fcrttemberg e.\u00a0V. f\u00fcr Gastgeberinnen im offenen Treff. Von 2012 bis 2015 koordinierte [&hellip;]\" \/>\n<meta property=\"og:url\" content=\"https:\/\/gebrueder-schmid-zentrum.de\/fachtagung\/verena-supper-kurzbiografie\/\" \/>\n<meta property=\"og:site_name\" content=\"Fachtagung\" \/>\n<meta property=\"article:modified_time\" content=\"2016-09-23T08:20:30+00:00\" \/>\n<meta property=\"og:image\" content=\"http:\/\/gebrueder-schmid-zentrum.de\/fachtagung\/wp-content\/uploads\/2016\/09\/foto-Verena-Supper-klein-213x300.jpg\" \/>\n<meta name=\"twitter:card\" content=\"summary\" \/>\n<meta name=\"twitter:label1\" content=\"Gesch\u00e4tzte Lesezeit\" \/>\n\t<meta name=\"twitter:data1\" content=\"1\u00a0Minute\" \/>\n<script type=\"application\/ld+json\" class=\"yoast-schema-graph\">{\"@context\":\"https:\/\/schema.org\",\"@graph\":[{\"@type\":\"WebSite\",\"@id\":\"https:\/\/gebrueder-schmid-zentrum.de\/fachtagung\/#website\",\"url\":\"https:\/\/gebrueder-schmid-zentrum.de\/fachtagung\/\",\"name\":\"Fachtagung\",\"description\":\"\",\"potentialAction\":[{\"@type\":\"SearchAction\",\"target\":{\"@type\":\"EntryPoint\",\"urlTemplate\":\"https:\/\/gebrueder-schmid-zentrum.de\/fachtagung\/?s={search_term_string}\"},\"query-input\":\"required name=search_term_string\"}],\"inLanguage\":\"de\"},{\"@type\":\"ImageObject\",\"@id\":\"https:\/\/gebrueder-schmid-zentrum.de\/fachtagung\/verena-supper-kurzbiografie\/#primaryimage\",\"inLanguage\":\"de\",\"url\":\"http:\/\/gebrueder-schmid-zentrum.de\/fachtagung\/wp-content\/uploads\/2016\/09\/foto-Verena-Supper-klein-213x300.jpg\",\"contentUrl\":\"http:\/\/gebrueder-schmid-zentrum.de\/fachtagung\/wp-content\/uploads\/2016\/09\/foto-Verena-Supper-klein-213x300.jpg\"},{\"@type\":\"WebPage\",\"@id\":\"https:\/\/gebrueder-schmid-zentrum.de\/fachtagung\/verena-supper-kurzbiografie\/#webpage\",\"url\":\"https:\/\/gebrueder-schmid-zentrum.de\/fachtagung\/verena-supper-kurzbiografie\/\",\"name\":\"Verena Supper - Kurzbiografie - Fachtagung\",\"isPartOf\":{\"@id\":\"https:\/\/gebrueder-schmid-zentrum.de\/fachtagung\/#website\"},\"primaryImageOfPage\":{\"@id\":\"https:\/\/gebrueder-schmid-zentrum.de\/fachtagung\/verena-supper-kurzbiografie\/#primaryimage\"},\"datePublished\":\"2016-09-16T13:34:13+00:00\",\"dateModified\":\"2016-09-23T08:20:30+00:00\",\"breadcrumb\":{\"@id\":\"https:\/\/gebrueder-schmid-zentrum.de\/fachtagung\/verena-supper-kurzbiografie\/#breadcrumb\"},\"inLanguage\":\"de\",\"potentialAction\":[{\"@type\":\"ReadAction\",\"target\":[\"https:\/\/gebrueder-schmid-zentrum.de\/fachtagung\/verena-supper-kurzbiografie\/\"]}]},{\"@type\":\"BreadcrumbList\",\"@id\":\"https:\/\/gebrueder-schmid-zentrum.de\/fachtagung\/verena-supper-kurzbiografie\/#breadcrumb\",\"itemListElement\":[{\"@type\":\"ListItem\",\"position\":1,\"name\":\"Startseite\",\"item\":\"https:\/\/gebrueder-schmid-zentrum.de\/fachtagung\/\"},{\"@type\":\"ListItem\",\"position\":2,\"name\":\"Verena Supper &#8211; Kurzbiografie\"}]}]}<\/script>\n<!-- \/ Yoast SEO plugin. -->","yoast_head_json":{"title":"Verena Supper - Kurzbiografie - Fachtagung","robots":{"index":"index","follow":"follow","max-snippet":"max-snippet:-1","max-image-preview":"max-image-preview:large","max-video-preview":"max-video-preview:-1"},"canonical":"https:\/\/gebrueder-schmid-zentrum.de\/fachtagung\/verena-supper-kurzbiografie\/","og_locale":"de_DE","og_type":"article","og_title":"Verena Supper - Kurzbiografie - Fachtagung","og_description":"Verena Supper, 35, lebt mit Tochter und Partner in Weil am Rhein in Baden-W\u00fcrttemberg. Sie hat mehrere Jahre Erfahrung in der Erwachsenenbildung. Die diplomierte Sozialp\u00e4dagogin ist qualifizierte und zertifizierte Trainerin f\u00fcr das Curriculum Offenes Lernen und Handeln sowie Praxisausbilderin und Praxisexpertin beim M\u00fctterforum Baden-W\u00fcrttemberg e.\u00a0V. f\u00fcr Gastgeberinnen im offenen Treff. Von 2012 bis 2015 koordinierte [&hellip;]","og_url":"https:\/\/gebrueder-schmid-zentrum.de\/fachtagung\/verena-supper-kurzbiografie\/","og_site_name":"Fachtagung","article_modified_time":"2016-09-23T08:20:30+00:00","og_image":[{"url":"http:\/\/gebrueder-schmid-zentrum.de\/fachtagung\/wp-content\/uploads\/2016\/09\/foto-Verena-Supper-klein-213x300.jpg"}],"twitter_card":"summary","twitter_misc":{"Gesch\u00e4tzte Lesezeit":"1\u00a0Minute"},"schema":{"@context":"https:\/\/schema.org","@graph":[{"@type":"WebSite","@id":"https:\/\/gebrueder-schmid-zentrum.de\/fachtagung\/#website","url":"https:\/\/gebrueder-schmid-zentrum.de\/fachtagung\/","name":"Fachtagung","description":"","potentialAction":[{"@type":"SearchAction","target":{"@type":"EntryPoint","urlTemplate":"https:\/\/gebrueder-schmid-zentrum.de\/fachtagung\/?s={search_term_string}"},"query-input":"required name=search_term_string"}],"inLanguage":"de"},{"@type":"ImageObject","@id":"https:\/\/gebrueder-schmid-zentrum.de\/fachtagung\/verena-supper-kurzbiografie\/#primaryimage","inLanguage":"de","url":"http:\/\/gebrueder-schmid-zentrum.de\/fachtagung\/wp-content\/uploads\/2016\/09\/foto-Verena-Supper-klein-213x300.jpg","contentUrl":"http:\/\/gebrueder-schmid-zentrum.de\/fachtagung\/wp-content\/uploads\/2016\/09\/foto-Verena-Supper-klein-213x300.jpg"},{"@type":"WebPage","@id":"https:\/\/gebrueder-schmid-zentrum.de\/fachtagung\/verena-supper-kurzbiografie\/#webpage","url":"https:\/\/gebrueder-schmid-zentrum.de\/fachtagung\/verena-supper-kurzbiografie\/","name":"Verena Supper - Kurzbiografie - Fachtagung","isPartOf":{"@id":"https:\/\/gebrueder-schmid-zentrum.de\/fachtagung\/#website"},"primaryImageOfPage":{"@id":"https:\/\/gebrueder-schmid-zentrum.de\/fachtagung\/verena-supper-kurzbiografie\/#primaryimage"},"datePublished":"2016-09-16T13:34:13+00:00","dateModified":"2016-09-23T08:20:30+00:00","breadcrumb":{"@id":"https:\/\/gebrueder-schmid-zentrum.de\/fachtagung\/verena-supper-kurzbiografie\/#breadcrumb"},"inLanguage":"de","potentialAction":[{"@type":"ReadAction","target":["https:\/\/gebrueder-schmid-zentrum.de\/fachtagung\/verena-supper-kurzbiografie\/"]}]},{"@type":"BreadcrumbList","@id":"https:\/\/gebrueder-schmid-zentrum.de\/fachtagung\/verena-supper-kurzbiografie\/#breadcrumb","itemListElement":[{"@type":"ListItem","position":1,"name":"Startseite","item":"https:\/\/gebrueder-schmid-zentrum.de\/fachtagung\/"},{"@type":"ListItem","position":2,"name":"Verena Supper &#8211; Kurzbiografie"}]}]}},"_links":{"self":[{"href":"https:\/\/gebrueder-schmid-zentrum.de\/fachtagung\/wp-json\/wp\/v2\/pages\/326"}],"collection":[{"href":"https:\/\/gebrueder-schmid-zentrum.de\/fachtagung\/wp-json\/wp\/v2\/pages"}],"about":[{"href":"https:\/\/gebrueder-schmid-zentrum.de\/fachtagung\/wp-json\/wp\/v2\/types\/page"}],"author":[{"embeddable":true,"href":"https:\/\/gebrueder-schmid-zentrum.de\/fachtagung\/wp-json\/wp\/v2\/users\/2"}],"replies":[{"embeddable":true,"href":"https:\/\/gebrueder-schmid-zentrum.de\/fachtagung\/wp-json\/wp\/v2\/comments?post=326"}],"version-history":[{"count":26,"href":"https:\/\/gebrueder-schmid-zentrum.de\/fachtagung\/wp-json\/wp\/v2\/pages\/326\/revisions"}],"predecessor-version":[{"id":989,"href":"https:\/\/gebrueder-schmid-zentrum.de\/fachtagung\/wp-json\/wp\/v2\/pages\/326\/revisions\/989"}],"wp:attachment":[{"href":"https:\/\/gebrueder-schmid-zentrum.de\/fachtagung\/wp-json\/wp\/v2\/media?parent=326"}],"curies":[{"name":"wp","href":"https:\/\/api.w.org\/{rel}","templated":true}]}}