{"id":323,"date":"2016-09-16T15:33:40","date_gmt":"2016-09-16T13:33:40","guid":{"rendered":"http:\/\/gebrueder-schmid-zentrum.de\/fachtagung\/?page_id=323"},"modified":"2016-09-30T14:48:47","modified_gmt":"2016-09-30T12:48:47","slug":"susanne-breuninger-ballreich-kurzbiografie","status":"publish","type":"page","link":"https:\/\/gebrueder-schmid-zentrum.de\/fachtagung\/susanne-breuninger-ballreich-kurzbiografie\/","title":{"rendered":"Susanne Breuninger-Ballreich &#8211; Kurzbiografie"},"content":{"rendered":"<h4><img loading=\"lazy\" class=\"alignleft wp-image-625\" title=\"Foto: Susanne Breuninger-Ballreich\" src=\"http:\/\/gebrueder-schmid-zentrum.de\/fachtagung\/wp-content\/uploads\/2016\/09\/Foto-213x300.jpeg\" alt=\"Foto: Susanne Breuninger-Ballreich\" width=\"123\" height=\"173\" srcset=\"https:\/\/gebrueder-schmid-zentrum.de\/fachtagung\/wp-content\/uploads\/2016\/09\/Foto-213x300.jpeg 213w, https:\/\/gebrueder-schmid-zentrum.de\/fachtagung\/wp-content\/uploads\/2016\/09\/Foto.jpeg 298w\" sizes=\"(max-width: 123px) 100vw, 123px\" \/><span style=\"color: #000000;\">Susanne Breuninger-Ballreich arbeitet als Gestaltpsychotherapeutin und Tanztherapeutin in freier Praxis. Ihre psychotherapeutische Arbeit ist gepr\u00e4gt durch k\u00f6rperorientierte Methoden und der Achtsamkeitspraxis. Als Coach begleitet sie F\u00fchrungskr\u00e4fte in Stresssituationen. Seit vielen Jahren leitet sie mehrere Kurse pro Jahr zur \u201cStressbew\u00e4ltigung durch Achtsamkeit (MBSR)\u201c in der eigenen Praxis und in Organisationen.<\/span><\/h4>\n<p><strong>2016 startete sie mit Kollegen zusammen die erste MBSR-LehrerInnenausbildung in Stuttgart in der <a href=\"https:\/\/www.fortbildung1.de\/\" target=\"_blank\">Fortbildung1.de.<\/a> Susanne Breuninger-Ballreich ist Autorin des Buches \u201cWas Sie stark macht \u2013 Verborgene Kr\u00e4fte aktivieren\u201c, Herder Verlag.<\/strong><\/p>\n","protected":false},"excerpt":{"rendered":"<p>Susanne Breuninger-Ballreich arbeitet als Gestaltpsychotherapeutin und Tanztherapeutin in freier Praxis. Ihre psychotherapeutische Arbeit ist gepr\u00e4gt durch k\u00f6rperorientierte Methoden und der Achtsamkeitspraxis. Als Coach begleitet sie F\u00fchrungskr\u00e4fte in Stresssituationen. Seit vielen Jahren leitet sie mehrere Kurse pro Jahr zur \u201cStressbew\u00e4ltigung durch Achtsamkeit (MBSR)\u201c in der eigenen Praxis und in Organisationen. 2016 startete sie mit Kollegen zusammen [&hellip;]<\/p>\n","protected":false},"author":2,"featured_media":0,"parent":0,"menu_order":0,"comment_status":"closed","ping_status":"closed","template":"","meta":[],"yoast_head":"<!-- This site is optimized with the Yoast SEO plugin v18.4.1 - https:\/\/yoast.com\/wordpress\/plugins\/seo\/ -->\n<title>Susanne Breuninger-Ballreich - Kurzbiografie - Fachtagung<\/title>\n<meta name=\"robots\" content=\"index, follow, max-snippet:-1, max-image-preview:large, max-video-preview:-1\" \/>\n<link rel=\"canonical\" href=\"https:\/\/gebrueder-schmid-zentrum.de\/fachtagung\/susanne-breuninger-ballreich-kurzbiografie\/\" \/>\n<meta property=\"og:locale\" content=\"de_DE\" \/>\n<meta property=\"og:type\" content=\"article\" \/>\n<meta property=\"og:title\" content=\"Susanne Breuninger-Ballreich - Kurzbiografie - Fachtagung\" \/>\n<meta property=\"og:description\" content=\"Susanne Breuninger-Ballreich arbeitet als Gestaltpsychotherapeutin und Tanztherapeutin in freier Praxis. Ihre psychotherapeutische Arbeit ist gepr\u00e4gt durch k\u00f6rperorientierte Methoden und der Achtsamkeitspraxis. Als Coach begleitet sie F\u00fchrungskr\u00e4fte in Stresssituationen. Seit vielen Jahren leitet sie mehrere Kurse pro Jahr zur \u201cStressbew\u00e4ltigung durch Achtsamkeit (MBSR)\u201c in der eigenen Praxis und in Organisationen. 2016 startete sie mit Kollegen zusammen [&hellip;]\" \/>\n<meta property=\"og:url\" content=\"https:\/\/gebrueder-schmid-zentrum.de\/fachtagung\/susanne-breuninger-ballreich-kurzbiografie\/\" \/>\n<meta property=\"og:site_name\" content=\"Fachtagung\" \/>\n<meta property=\"article:modified_time\" content=\"2016-09-30T12:48:47+00:00\" \/>\n<meta property=\"og:image\" content=\"http:\/\/gebrueder-schmid-zentrum.de\/fachtagung\/wp-content\/uploads\/2016\/09\/Foto-213x300.jpeg\" \/>\n<meta name=\"twitter:card\" content=\"summary\" \/>\n<script type=\"application\/ld+json\" class=\"yoast-schema-graph\">{\"@context\":\"https:\/\/schema.org\",\"@graph\":[{\"@type\":\"WebSite\",\"@id\":\"https:\/\/gebrueder-schmid-zentrum.de\/fachtagung\/#website\",\"url\":\"https:\/\/gebrueder-schmid-zentrum.de\/fachtagung\/\",\"name\":\"Fachtagung\",\"description\":\"\",\"potentialAction\":[{\"@type\":\"SearchAction\",\"target\":{\"@type\":\"EntryPoint\",\"urlTemplate\":\"https:\/\/gebrueder-schmid-zentrum.de\/fachtagung\/?s={search_term_string}\"},\"query-input\":\"required name=search_term_string\"}],\"inLanguage\":\"de\"},{\"@type\":\"ImageObject\",\"@id\":\"https:\/\/gebrueder-schmid-zentrum.de\/fachtagung\/susanne-breuninger-ballreich-kurzbiografie\/#primaryimage\",\"inLanguage\":\"de\",\"url\":\"http:\/\/gebrueder-schmid-zentrum.de\/fachtagung\/wp-content\/uploads\/2016\/09\/Foto-213x300.jpeg\",\"contentUrl\":\"http:\/\/gebrueder-schmid-zentrum.de\/fachtagung\/wp-content\/uploads\/2016\/09\/Foto-213x300.jpeg\"},{\"@type\":\"WebPage\",\"@id\":\"https:\/\/gebrueder-schmid-zentrum.de\/fachtagung\/susanne-breuninger-ballreich-kurzbiografie\/#webpage\",\"url\":\"https:\/\/gebrueder-schmid-zentrum.de\/fachtagung\/susanne-breuninger-ballreich-kurzbiografie\/\",\"name\":\"Susanne Breuninger-Ballreich - Kurzbiografie - Fachtagung\",\"isPartOf\":{\"@id\":\"https:\/\/gebrueder-schmid-zentrum.de\/fachtagung\/#website\"},\"primaryImageOfPage\":{\"@id\":\"https:\/\/gebrueder-schmid-zentrum.de\/fachtagung\/susanne-breuninger-ballreich-kurzbiografie\/#primaryimage\"},\"datePublished\":\"2016-09-16T13:33:40+00:00\",\"dateModified\":\"2016-09-30T12:48:47+00:00\",\"breadcrumb\":{\"@id\":\"https:\/\/gebrueder-schmid-zentrum.de\/fachtagung\/susanne-breuninger-ballreich-kurzbiografie\/#breadcrumb\"},\"inLanguage\":\"de\",\"potentialAction\":[{\"@type\":\"ReadAction\",\"target\":[\"https:\/\/gebrueder-schmid-zentrum.de\/fachtagung\/susanne-breuninger-ballreich-kurzbiografie\/\"]}]},{\"@type\":\"BreadcrumbList\",\"@id\":\"https:\/\/gebrueder-schmid-zentrum.de\/fachtagung\/susanne-breuninger-ballreich-kurzbiografie\/#breadcrumb\",\"itemListElement\":[{\"@type\":\"ListItem\",\"position\":1,\"name\":\"Startseite\",\"item\":\"https:\/\/gebrueder-schmid-zentrum.de\/fachtagung\/\"},{\"@type\":\"ListItem\",\"position\":2,\"name\":\"Susanne Breuninger-Ballreich &#8211; Kurzbiografie\"}]}]}<\/script>\n<!-- \/ Yoast SEO plugin. -->","yoast_head_json":{"title":"Susanne Breuninger-Ballreich - Kurzbiografie - Fachtagung","robots":{"index":"index","follow":"follow","max-snippet":"max-snippet:-1","max-image-preview":"max-image-preview:large","max-video-preview":"max-video-preview:-1"},"canonical":"https:\/\/gebrueder-schmid-zentrum.de\/fachtagung\/susanne-breuninger-ballreich-kurzbiografie\/","og_locale":"de_DE","og_type":"article","og_title":"Susanne Breuninger-Ballreich - Kurzbiografie - Fachtagung","og_description":"Susanne Breuninger-Ballreich arbeitet als Gestaltpsychotherapeutin und Tanztherapeutin in freier Praxis. Ihre psychotherapeutische Arbeit ist gepr\u00e4gt durch k\u00f6rperorientierte Methoden und der Achtsamkeitspraxis. Als Coach begleitet sie F\u00fchrungskr\u00e4fte in Stresssituationen. Seit vielen Jahren leitet sie mehrere Kurse pro Jahr zur \u201cStressbew\u00e4ltigung durch Achtsamkeit (MBSR)\u201c in der eigenen Praxis und in Organisationen. 2016 startete sie mit Kollegen zusammen [&hellip;]","og_url":"https:\/\/gebrueder-schmid-zentrum.de\/fachtagung\/susanne-breuninger-ballreich-kurzbiografie\/","og_site_name":"Fachtagung","article_modified_time":"2016-09-30T12:48:47+00:00","og_image":[{"url":"http:\/\/gebrueder-schmid-zentrum.de\/fachtagung\/wp-content\/uploads\/2016\/09\/Foto-213x300.jpeg"}],"twitter_card":"summary","schema":{"@context":"https:\/\/schema.org","@graph":[{"@type":"WebSite","@id":"https:\/\/gebrueder-schmid-zentrum.de\/fachtagung\/#website","url":"https:\/\/gebrueder-schmid-zentrum.de\/fachtagung\/","name":"Fachtagung","description":"","potentialAction":[{"@type":"SearchAction","target":{"@type":"EntryPoint","urlTemplate":"https:\/\/gebrueder-schmid-zentrum.de\/fachtagung\/?s={search_term_string}"},"query-input":"required name=search_term_string"}],"inLanguage":"de"},{"@type":"ImageObject","@id":"https:\/\/gebrueder-schmid-zentrum.de\/fachtagung\/susanne-breuninger-ballreich-kurzbiografie\/#primaryimage","inLanguage":"de","url":"http:\/\/gebrueder-schmid-zentrum.de\/fachtagung\/wp-content\/uploads\/2016\/09\/Foto-213x300.jpeg","contentUrl":"http:\/\/gebrueder-schmid-zentrum.de\/fachtagung\/wp-content\/uploads\/2016\/09\/Foto-213x300.jpeg"},{"@type":"WebPage","@id":"https:\/\/gebrueder-schmid-zentrum.de\/fachtagung\/susanne-breuninger-ballreich-kurzbiografie\/#webpage","url":"https:\/\/gebrueder-schmid-zentrum.de\/fachtagung\/susanne-breuninger-ballreich-kurzbiografie\/","name":"Susanne Breuninger-Ballreich - Kurzbiografie - Fachtagung","isPartOf":{"@id":"https:\/\/gebrueder-schmid-zentrum.de\/fachtagung\/#website"},"primaryImageOfPage":{"@id":"https:\/\/gebrueder-schmid-zentrum.de\/fachtagung\/susanne-breuninger-ballreich-kurzbiografie\/#primaryimage"},"datePublished":"2016-09-16T13:33:40+00:00","dateModified":"2016-09-30T12:48:47+00:00","breadcrumb":{"@id":"https:\/\/gebrueder-schmid-zentrum.de\/fachtagung\/susanne-breuninger-ballreich-kurzbiografie\/#breadcrumb"},"inLanguage":"de","potentialAction":[{"@type":"ReadAction","target":["https:\/\/gebrueder-schmid-zentrum.de\/fachtagung\/susanne-breuninger-ballreich-kurzbiografie\/"]}]},{"@type":"BreadcrumbList","@id":"https:\/\/gebrueder-schmid-zentrum.de\/fachtagung\/susanne-breuninger-ballreich-kurzbiografie\/#breadcrumb","itemListElement":[{"@type":"ListItem","position":1,"name":"Startseite","item":"https:\/\/gebrueder-schmid-zentrum.de\/fachtagung\/"},{"@type":"ListItem","position":2,"name":"Susanne Breuninger-Ballreich &#8211; Kurzbiografie"}]}]}},"_links":{"self":[{"href":"https:\/\/gebrueder-schmid-zentrum.de\/fachtagung\/wp-json\/wp\/v2\/pages\/323"}],"collection":[{"href":"https:\/\/gebrueder-schmid-zentrum.de\/fachtagung\/wp-json\/wp\/v2\/pages"}],"about":[{"href":"https:\/\/gebrueder-schmid-zentrum.de\/fachtagung\/wp-json\/wp\/v2\/types\/page"}],"author":[{"embeddable":true,"href":"https:\/\/gebrueder-schmid-zentrum.de\/fachtagung\/wp-json\/wp\/v2\/users\/2"}],"replies":[{"embeddable":true,"href":"https:\/\/gebrueder-schmid-zentrum.de\/fachtagung\/wp-json\/wp\/v2\/comments?post=323"}],"version-history":[{"count":12,"href":"https:\/\/gebrueder-schmid-zentrum.de\/fachtagung\/wp-json\/wp\/v2\/pages\/323\/revisions"}],"predecessor-version":[{"id":807,"href":"https:\/\/gebrueder-schmid-zentrum.de\/fachtagung\/wp-json\/wp\/v2\/pages\/323\/revisions\/807"}],"wp:attachment":[{"href":"https:\/\/gebrueder-schmid-zentrum.de\/fachtagung\/wp-json\/wp\/v2\/media?parent=323"}],"curies":[{"name":"wp","href":"https:\/\/api.w.org\/{rel}","templated":true}]}}