{"id":307,"date":"2016-09-16T15:20:37","date_gmt":"2016-09-16T13:20:37","guid":{"rendered":"http:\/\/gebrueder-schmid-zentrum.de\/fachtagung\/?page_id=307"},"modified":"2016-09-30T14:47:16","modified_gmt":"2016-09-30T12:47:16","slug":"prof-dr-martin-weingardt-kurzbiografie","status":"publish","type":"page","link":"https:\/\/gebrueder-schmid-zentrum.de\/fachtagung\/prof-dr-martin-weingardt-kurzbiografie\/","title":{"rendered":"Prof. Dr. Martin Weingardt &#8211; Kurzbiografie"},"content":{"rendered":"<h5><img loading=\"lazy\" class=\"alignleft wp-image-636\" title=\"Foto: Prof. Dr. Martin Weingardt\" src=\"http:\/\/gebrueder-schmid-zentrum.de\/fachtagung\/wp-content\/uploads\/2016\/09\/Foto-Kopie-181x300.jpeg\" alt=\"Foto: Prof. Dr. Martin Weingardt\" width=\"134\" height=\"222\" srcset=\"https:\/\/gebrueder-schmid-zentrum.de\/fachtagung\/wp-content\/uploads\/2016\/09\/Foto-Kopie-181x300.jpeg 181w, https:\/\/gebrueder-schmid-zentrum.de\/fachtagung\/wp-content\/uploads\/2016\/09\/Foto-Kopie-768x1272.jpeg 768w, https:\/\/gebrueder-schmid-zentrum.de\/fachtagung\/wp-content\/uploads\/2016\/09\/Foto-Kopie-618x1024.jpeg 618w, https:\/\/gebrueder-schmid-zentrum.de\/fachtagung\/wp-content\/uploads\/2016\/09\/Foto-Kopie-624x1034.jpeg 624w, https:\/\/gebrueder-schmid-zentrum.de\/fachtagung\/wp-content\/uploads\/2016\/09\/Foto-Kopie.jpeg 1415w\" sizes=\"(max-width: 134px) 100vw, 134px\" \/><span style=\"color: #000000;\">Dr. Martin Weingardt ist Professor am Institut f\u00fcr Erziehungswissenschaft der P\u00e4dagogischen Hochschule Ludwigsburg. In seinen Forschungen fokussiert er insbesondere die Gestaltung atmender lokaler Bildungsstrukturen, die das schulische Lernen mit Arbeitswelt und Jugendarbeit, Eltern- und B\u00fcrgerschaft vital verbinden.<\/span><br \/>\n<span style=\"color: #000000;\"><br \/>\nSeit 2011 begleitet und koordiniert er das Netzwerk der in diesem Sinne arbeitenden Offenen B\u00fcrgerschulen in Baden-W\u00fcrttemberg, zu denen auch die Lerchenrainschule in Stuttgart-Heslach z\u00e4hlt.<\/span><\/h5>\n","protected":false},"excerpt":{"rendered":"<p>Dr. Martin Weingardt ist Professor am Institut f\u00fcr Erziehungswissenschaft der P\u00e4dagogischen Hochschule Ludwigsburg. In seinen Forschungen fokussiert er insbesondere die Gestaltung atmender lokaler Bildungsstrukturen, die das schulische Lernen mit Arbeitswelt und Jugendarbeit, Eltern- und B\u00fcrgerschaft vital verbinden. Seit 2011 begleitet und koordiniert er das Netzwerk der in diesem Sinne arbeitenden Offenen B\u00fcrgerschulen in Baden-W\u00fcrttemberg, zu [&hellip;]<\/p>\n","protected":false},"author":2,"featured_media":0,"parent":0,"menu_order":0,"comment_status":"closed","ping_status":"closed","template":"","meta":[],"yoast_head":"<!-- This site is optimized with the Yoast SEO plugin v18.4.1 - https:\/\/yoast.com\/wordpress\/plugins\/seo\/ -->\n<title>Prof. Dr. Martin Weingardt - Kurzbiografie - Fachtagung<\/title>\n<meta name=\"robots\" content=\"index, follow, max-snippet:-1, max-image-preview:large, max-video-preview:-1\" \/>\n<link rel=\"canonical\" href=\"https:\/\/gebrueder-schmid-zentrum.de\/fachtagung\/prof-dr-martin-weingardt-kurzbiografie\/\" \/>\n<meta property=\"og:locale\" content=\"de_DE\" \/>\n<meta property=\"og:type\" content=\"article\" \/>\n<meta property=\"og:title\" content=\"Prof. Dr. Martin Weingardt - Kurzbiografie - Fachtagung\" \/>\n<meta property=\"og:description\" content=\"Dr. Martin Weingardt ist Professor am Institut f\u00fcr Erziehungswissenschaft der P\u00e4dagogischen Hochschule Ludwigsburg. In seinen Forschungen fokussiert er insbesondere die Gestaltung atmender lokaler Bildungsstrukturen, die das schulische Lernen mit Arbeitswelt und Jugendarbeit, Eltern- und B\u00fcrgerschaft vital verbinden. Seit 2011 begleitet und koordiniert er das Netzwerk der in diesem Sinne arbeitenden Offenen B\u00fcrgerschulen in Baden-W\u00fcrttemberg, zu [&hellip;]\" \/>\n<meta property=\"og:url\" content=\"https:\/\/gebrueder-schmid-zentrum.de\/fachtagung\/prof-dr-martin-weingardt-kurzbiografie\/\" \/>\n<meta property=\"og:site_name\" content=\"Fachtagung\" \/>\n<meta property=\"article:modified_time\" content=\"2016-09-30T12:47:16+00:00\" \/>\n<meta property=\"og:image\" content=\"http:\/\/gebrueder-schmid-zentrum.de\/fachtagung\/wp-content\/uploads\/2016\/09\/Foto-Kopie-181x300.jpeg\" \/>\n<meta name=\"twitter:card\" content=\"summary\" \/>\n<script type=\"application\/ld+json\" class=\"yoast-schema-graph\">{\"@context\":\"https:\/\/schema.org\",\"@graph\":[{\"@type\":\"WebSite\",\"@id\":\"https:\/\/gebrueder-schmid-zentrum.de\/fachtagung\/#website\",\"url\":\"https:\/\/gebrueder-schmid-zentrum.de\/fachtagung\/\",\"name\":\"Fachtagung\",\"description\":\"\",\"potentialAction\":[{\"@type\":\"SearchAction\",\"target\":{\"@type\":\"EntryPoint\",\"urlTemplate\":\"https:\/\/gebrueder-schmid-zentrum.de\/fachtagung\/?s={search_term_string}\"},\"query-input\":\"required name=search_term_string\"}],\"inLanguage\":\"de\"},{\"@type\":\"ImageObject\",\"@id\":\"https:\/\/gebrueder-schmid-zentrum.de\/fachtagung\/prof-dr-martin-weingardt-kurzbiografie\/#primaryimage\",\"inLanguage\":\"de\",\"url\":\"http:\/\/gebrueder-schmid-zentrum.de\/fachtagung\/wp-content\/uploads\/2016\/09\/Foto-Kopie-181x300.jpeg\",\"contentUrl\":\"http:\/\/gebrueder-schmid-zentrum.de\/fachtagung\/wp-content\/uploads\/2016\/09\/Foto-Kopie-181x300.jpeg\"},{\"@type\":\"WebPage\",\"@id\":\"https:\/\/gebrueder-schmid-zentrum.de\/fachtagung\/prof-dr-martin-weingardt-kurzbiografie\/#webpage\",\"url\":\"https:\/\/gebrueder-schmid-zentrum.de\/fachtagung\/prof-dr-martin-weingardt-kurzbiografie\/\",\"name\":\"Prof. Dr. Martin Weingardt - Kurzbiografie - Fachtagung\",\"isPartOf\":{\"@id\":\"https:\/\/gebrueder-schmid-zentrum.de\/fachtagung\/#website\"},\"primaryImageOfPage\":{\"@id\":\"https:\/\/gebrueder-schmid-zentrum.de\/fachtagung\/prof-dr-martin-weingardt-kurzbiografie\/#primaryimage\"},\"datePublished\":\"2016-09-16T13:20:37+00:00\",\"dateModified\":\"2016-09-30T12:47:16+00:00\",\"breadcrumb\":{\"@id\":\"https:\/\/gebrueder-schmid-zentrum.de\/fachtagung\/prof-dr-martin-weingardt-kurzbiografie\/#breadcrumb\"},\"inLanguage\":\"de\",\"potentialAction\":[{\"@type\":\"ReadAction\",\"target\":[\"https:\/\/gebrueder-schmid-zentrum.de\/fachtagung\/prof-dr-martin-weingardt-kurzbiografie\/\"]}]},{\"@type\":\"BreadcrumbList\",\"@id\":\"https:\/\/gebrueder-schmid-zentrum.de\/fachtagung\/prof-dr-martin-weingardt-kurzbiografie\/#breadcrumb\",\"itemListElement\":[{\"@type\":\"ListItem\",\"position\":1,\"name\":\"Startseite\",\"item\":\"https:\/\/gebrueder-schmid-zentrum.de\/fachtagung\/\"},{\"@type\":\"ListItem\",\"position\":2,\"name\":\"Prof. Dr. Martin Weingardt &#8211; Kurzbiografie\"}]}]}<\/script>\n<!-- \/ Yoast SEO plugin. -->","yoast_head_json":{"title":"Prof. Dr. Martin Weingardt - Kurzbiografie - Fachtagung","robots":{"index":"index","follow":"follow","max-snippet":"max-snippet:-1","max-image-preview":"max-image-preview:large","max-video-preview":"max-video-preview:-1"},"canonical":"https:\/\/gebrueder-schmid-zentrum.de\/fachtagung\/prof-dr-martin-weingardt-kurzbiografie\/","og_locale":"de_DE","og_type":"article","og_title":"Prof. Dr. Martin Weingardt - Kurzbiografie - Fachtagung","og_description":"Dr. Martin Weingardt ist Professor am Institut f\u00fcr Erziehungswissenschaft der P\u00e4dagogischen Hochschule Ludwigsburg. In seinen Forschungen fokussiert er insbesondere die Gestaltung atmender lokaler Bildungsstrukturen, die das schulische Lernen mit Arbeitswelt und Jugendarbeit, Eltern- und B\u00fcrgerschaft vital verbinden. Seit 2011 begleitet und koordiniert er das Netzwerk der in diesem Sinne arbeitenden Offenen B\u00fcrgerschulen in Baden-W\u00fcrttemberg, zu [&hellip;]","og_url":"https:\/\/gebrueder-schmid-zentrum.de\/fachtagung\/prof-dr-martin-weingardt-kurzbiografie\/","og_site_name":"Fachtagung","article_modified_time":"2016-09-30T12:47:16+00:00","og_image":[{"url":"http:\/\/gebrueder-schmid-zentrum.de\/fachtagung\/wp-content\/uploads\/2016\/09\/Foto-Kopie-181x300.jpeg"}],"twitter_card":"summary","schema":{"@context":"https:\/\/schema.org","@graph":[{"@type":"WebSite","@id":"https:\/\/gebrueder-schmid-zentrum.de\/fachtagung\/#website","url":"https:\/\/gebrueder-schmid-zentrum.de\/fachtagung\/","name":"Fachtagung","description":"","potentialAction":[{"@type":"SearchAction","target":{"@type":"EntryPoint","urlTemplate":"https:\/\/gebrueder-schmid-zentrum.de\/fachtagung\/?s={search_term_string}"},"query-input":"required name=search_term_string"}],"inLanguage":"de"},{"@type":"ImageObject","@id":"https:\/\/gebrueder-schmid-zentrum.de\/fachtagung\/prof-dr-martin-weingardt-kurzbiografie\/#primaryimage","inLanguage":"de","url":"http:\/\/gebrueder-schmid-zentrum.de\/fachtagung\/wp-content\/uploads\/2016\/09\/Foto-Kopie-181x300.jpeg","contentUrl":"http:\/\/gebrueder-schmid-zentrum.de\/fachtagung\/wp-content\/uploads\/2016\/09\/Foto-Kopie-181x300.jpeg"},{"@type":"WebPage","@id":"https:\/\/gebrueder-schmid-zentrum.de\/fachtagung\/prof-dr-martin-weingardt-kurzbiografie\/#webpage","url":"https:\/\/gebrueder-schmid-zentrum.de\/fachtagung\/prof-dr-martin-weingardt-kurzbiografie\/","name":"Prof. Dr. Martin Weingardt - Kurzbiografie - Fachtagung","isPartOf":{"@id":"https:\/\/gebrueder-schmid-zentrum.de\/fachtagung\/#website"},"primaryImageOfPage":{"@id":"https:\/\/gebrueder-schmid-zentrum.de\/fachtagung\/prof-dr-martin-weingardt-kurzbiografie\/#primaryimage"},"datePublished":"2016-09-16T13:20:37+00:00","dateModified":"2016-09-30T12:47:16+00:00","breadcrumb":{"@id":"https:\/\/gebrueder-schmid-zentrum.de\/fachtagung\/prof-dr-martin-weingardt-kurzbiografie\/#breadcrumb"},"inLanguage":"de","potentialAction":[{"@type":"ReadAction","target":["https:\/\/gebrueder-schmid-zentrum.de\/fachtagung\/prof-dr-martin-weingardt-kurzbiografie\/"]}]},{"@type":"BreadcrumbList","@id":"https:\/\/gebrueder-schmid-zentrum.de\/fachtagung\/prof-dr-martin-weingardt-kurzbiografie\/#breadcrumb","itemListElement":[{"@type":"ListItem","position":1,"name":"Startseite","item":"https:\/\/gebrueder-schmid-zentrum.de\/fachtagung\/"},{"@type":"ListItem","position":2,"name":"Prof. Dr. Martin Weingardt &#8211; Kurzbiografie"}]}]}},"_links":{"self":[{"href":"https:\/\/gebrueder-schmid-zentrum.de\/fachtagung\/wp-json\/wp\/v2\/pages\/307"}],"collection":[{"href":"https:\/\/gebrueder-schmid-zentrum.de\/fachtagung\/wp-json\/wp\/v2\/pages"}],"about":[{"href":"https:\/\/gebrueder-schmid-zentrum.de\/fachtagung\/wp-json\/wp\/v2\/types\/page"}],"author":[{"embeddable":true,"href":"https:\/\/gebrueder-schmid-zentrum.de\/fachtagung\/wp-json\/wp\/v2\/users\/2"}],"replies":[{"embeddable":true,"href":"https:\/\/gebrueder-schmid-zentrum.de\/fachtagung\/wp-json\/wp\/v2\/comments?post=307"}],"version-history":[{"count":12,"href":"https:\/\/gebrueder-schmid-zentrum.de\/fachtagung\/wp-json\/wp\/v2\/pages\/307\/revisions"}],"predecessor-version":[{"id":805,"href":"https:\/\/gebrueder-schmid-zentrum.de\/fachtagung\/wp-json\/wp\/v2\/pages\/307\/revisions\/805"}],"wp:attachment":[{"href":"https:\/\/gebrueder-schmid-zentrum.de\/fachtagung\/wp-json\/wp\/v2\/media?parent=307"}],"curies":[{"name":"wp","href":"https:\/\/api.w.org\/{rel}","templated":true}]}}