{"id":1669,"date":"2017-03-22T10:30:14","date_gmt":"2017-03-22T09:30:14","guid":{"rendered":"http:\/\/gebrueder-schmid-zentrum.de\/fachtagung\/?page_id=1669"},"modified":"2017-03-22T10:36:20","modified_gmt":"2017-03-22T09:36:20","slug":"pressespiegel","status":"publish","type":"page","link":"https:\/\/gebrueder-schmid-zentrum.de\/fachtagung\/pressespiegel\/","title":{"rendered":"Pressespiegel"},"content":{"rendered":"<h1><span style=\"color: #ff6600;\"><strong>&#8222;Gl\u00fcck im Quartier&#8220;<br \/>\nDas gesellschaftliche Miteinander in lokalen R\u00e4umen gestalten<\/strong><\/span><\/h1>\n<p>16. Januar 2017<strong><br \/>\nStuttgarter Zeitung: <a href=\"http:\/\/www.stuttgarter-zeitung.de\/inhalt.nachbarschaft-stuttgart-sucht-das-glueck.ee4ecd1b-ca1e-4c2f-bf30-47e816f937d3.html\" target=\"_blank\">Stuttgart sucht das Gl\u00fcck<\/a><\/strong><\/p>\n<p>16. Januar 2017<br \/>\n<strong>Stuttgarter Nachrichten: <a href=\"http:\/\/www.stuttgarter-nachrichten.de\/inhalt.nachbarschaft-stuttgart-sucht-das-glueck.35c7ccb5-ca00-4e50-b3d8-25327b4b53e9.html\" target=\"_blank\">Stuttgart sucht das Gl\u00fcck<\/a><\/strong><\/p>\n<p>25. Januar 2017<br \/>\n<strong>Stuttgarter Wochenblatt: <a href=\"http:\/\/www.stuttgarter-wochenblatt.de\/inhalt.zuffenhausen-glueck-und-wohlergehen-fuer-die-ganze-stadt.7cb518ab-9304-44e2-b1a3-74f2ecf1e9ea.html\" target=\"_blank\">Gl\u00fcck und Wohlergehen f\u00fcr die ganze Stadt<\/a><\/strong><\/p>\n<p>27. Januar 2017<br \/>\n<strong>Stuttgarter Zeitung: <a href=\"http:\/\/www.stuttgarter-zeitung.de\/inhalt.asiatische-weisheit-buthans-gluecksexperte-jeder-kann-gluecklich-sein.f6cf73f6-dd11-4d55-9f30-b83281f92e5f.html\" target=\"_blank\">Buthans Gl\u00fccksexperte: &#8218;Jeder kann gl\u00fccklich sein&#8216;<\/a><\/strong><\/p>\n<p>6. M\u00e4rz 2017<br \/>\n<strong>Stuttgarter Zeitung: <a href=\"http:\/\/www.stuttgarter-zeitung.de\/inhalt.montagsgespraech-die-menschen-brauchen-anerkennung.93639f2a-e4b2-4d06-a1ec-18e94bf7e4fa.html\" target=\"_blank\">Die Menschen brauchen Anerkennung<\/a><\/strong><\/p>\n","protected":false},"excerpt":{"rendered":"<p>&#8222;Gl\u00fcck im Quartier&#8220; Das gesellschaftliche Miteinander in lokalen R\u00e4umen gestalten 16. Januar 2017 Stuttgarter Zeitung: Stuttgart sucht das Gl\u00fcck 16. Januar 2017 Stuttgarter Nachrichten: Stuttgart sucht das Gl\u00fcck 25. Januar 2017 Stuttgarter Wochenblatt: Gl\u00fcck und Wohlergehen f\u00fcr die ganze Stadt 27. Januar 2017 Stuttgarter Zeitung: Buthans Gl\u00fccksexperte: &#8218;Jeder kann gl\u00fccklich sein&#8216; 6. M\u00e4rz 2017 Stuttgarter [&hellip;]<\/p>\n","protected":false},"author":2,"featured_media":0,"parent":0,"menu_order":0,"comment_status":"closed","ping_status":"closed","template":"","meta":[],"yoast_head":"<!-- This site is optimized with the Yoast SEO plugin v18.4.1 - https:\/\/yoast.com\/wordpress\/plugins\/seo\/ -->\n<title>Pressespiegel - Fachtagung<\/title>\n<meta name=\"robots\" content=\"index, follow, max-snippet:-1, max-image-preview:large, max-video-preview:-1\" \/>\n<link rel=\"canonical\" href=\"https:\/\/gebrueder-schmid-zentrum.de\/fachtagung\/pressespiegel\/\" \/>\n<meta property=\"og:locale\" content=\"de_DE\" \/>\n<meta property=\"og:type\" content=\"article\" \/>\n<meta property=\"og:title\" content=\"Pressespiegel - Fachtagung\" \/>\n<meta property=\"og:description\" content=\"&#8222;Gl\u00fcck im Quartier&#8220; Das gesellschaftliche Miteinander in lokalen R\u00e4umen gestalten 16. Januar 2017 Stuttgarter Zeitung: Stuttgart sucht das Gl\u00fcck 16. Januar 2017 Stuttgarter Nachrichten: Stuttgart sucht das Gl\u00fcck 25. Januar 2017 Stuttgarter Wochenblatt: Gl\u00fcck und Wohlergehen f\u00fcr die ganze Stadt 27. Januar 2017 Stuttgarter Zeitung: Buthans Gl\u00fccksexperte: &#8218;Jeder kann gl\u00fccklich sein&#8216; 6. M\u00e4rz 2017 Stuttgarter [&hellip;]\" \/>\n<meta property=\"og:url\" content=\"https:\/\/gebrueder-schmid-zentrum.de\/fachtagung\/pressespiegel\/\" \/>\n<meta property=\"og:site_name\" content=\"Fachtagung\" \/>\n<meta property=\"article:modified_time\" content=\"2017-03-22T09:36:20+00:00\" \/>\n<meta name=\"twitter:card\" content=\"summary\" \/>\n<script type=\"application\/ld+json\" class=\"yoast-schema-graph\">{\"@context\":\"https:\/\/schema.org\",\"@graph\":[{\"@type\":\"WebSite\",\"@id\":\"https:\/\/gebrueder-schmid-zentrum.de\/fachtagung\/#website\",\"url\":\"https:\/\/gebrueder-schmid-zentrum.de\/fachtagung\/\",\"name\":\"Fachtagung\",\"description\":\"\",\"potentialAction\":[{\"@type\":\"SearchAction\",\"target\":{\"@type\":\"EntryPoint\",\"urlTemplate\":\"https:\/\/gebrueder-schmid-zentrum.de\/fachtagung\/?s={search_term_string}\"},\"query-input\":\"required name=search_term_string\"}],\"inLanguage\":\"de\"},{\"@type\":\"WebPage\",\"@id\":\"https:\/\/gebrueder-schmid-zentrum.de\/fachtagung\/pressespiegel\/#webpage\",\"url\":\"https:\/\/gebrueder-schmid-zentrum.de\/fachtagung\/pressespiegel\/\",\"name\":\"Pressespiegel - Fachtagung\",\"isPartOf\":{\"@id\":\"https:\/\/gebrueder-schmid-zentrum.de\/fachtagung\/#website\"},\"datePublished\":\"2017-03-22T09:30:14+00:00\",\"dateModified\":\"2017-03-22T09:36:20+00:00\",\"breadcrumb\":{\"@id\":\"https:\/\/gebrueder-schmid-zentrum.de\/fachtagung\/pressespiegel\/#breadcrumb\"},\"inLanguage\":\"de\",\"potentialAction\":[{\"@type\":\"ReadAction\",\"target\":[\"https:\/\/gebrueder-schmid-zentrum.de\/fachtagung\/pressespiegel\/\"]}]},{\"@type\":\"BreadcrumbList\",\"@id\":\"https:\/\/gebrueder-schmid-zentrum.de\/fachtagung\/pressespiegel\/#breadcrumb\",\"itemListElement\":[{\"@type\":\"ListItem\",\"position\":1,\"name\":\"Startseite\",\"item\":\"https:\/\/gebrueder-schmid-zentrum.de\/fachtagung\/\"},{\"@type\":\"ListItem\",\"position\":2,\"name\":\"Pressespiegel\"}]}]}<\/script>\n<!-- \/ Yoast SEO plugin. -->","yoast_head_json":{"title":"Pressespiegel - Fachtagung","robots":{"index":"index","follow":"follow","max-snippet":"max-snippet:-1","max-image-preview":"max-image-preview:large","max-video-preview":"max-video-preview:-1"},"canonical":"https:\/\/gebrueder-schmid-zentrum.de\/fachtagung\/pressespiegel\/","og_locale":"de_DE","og_type":"article","og_title":"Pressespiegel - Fachtagung","og_description":"&#8222;Gl\u00fcck im Quartier&#8220; Das gesellschaftliche Miteinander in lokalen R\u00e4umen gestalten 16. Januar 2017 Stuttgarter Zeitung: Stuttgart sucht das Gl\u00fcck 16. Januar 2017 Stuttgarter Nachrichten: Stuttgart sucht das Gl\u00fcck 25. Januar 2017 Stuttgarter Wochenblatt: Gl\u00fcck und Wohlergehen f\u00fcr die ganze Stadt 27. Januar 2017 Stuttgarter Zeitung: Buthans Gl\u00fccksexperte: &#8218;Jeder kann gl\u00fccklich sein&#8216; 6. M\u00e4rz 2017 Stuttgarter [&hellip;]","og_url":"https:\/\/gebrueder-schmid-zentrum.de\/fachtagung\/pressespiegel\/","og_site_name":"Fachtagung","article_modified_time":"2017-03-22T09:36:20+00:00","twitter_card":"summary","schema":{"@context":"https:\/\/schema.org","@graph":[{"@type":"WebSite","@id":"https:\/\/gebrueder-schmid-zentrum.de\/fachtagung\/#website","url":"https:\/\/gebrueder-schmid-zentrum.de\/fachtagung\/","name":"Fachtagung","description":"","potentialAction":[{"@type":"SearchAction","target":{"@type":"EntryPoint","urlTemplate":"https:\/\/gebrueder-schmid-zentrum.de\/fachtagung\/?s={search_term_string}"},"query-input":"required name=search_term_string"}],"inLanguage":"de"},{"@type":"WebPage","@id":"https:\/\/gebrueder-schmid-zentrum.de\/fachtagung\/pressespiegel\/#webpage","url":"https:\/\/gebrueder-schmid-zentrum.de\/fachtagung\/pressespiegel\/","name":"Pressespiegel - Fachtagung","isPartOf":{"@id":"https:\/\/gebrueder-schmid-zentrum.de\/fachtagung\/#website"},"datePublished":"2017-03-22T09:30:14+00:00","dateModified":"2017-03-22T09:36:20+00:00","breadcrumb":{"@id":"https:\/\/gebrueder-schmid-zentrum.de\/fachtagung\/pressespiegel\/#breadcrumb"},"inLanguage":"de","potentialAction":[{"@type":"ReadAction","target":["https:\/\/gebrueder-schmid-zentrum.de\/fachtagung\/pressespiegel\/"]}]},{"@type":"BreadcrumbList","@id":"https:\/\/gebrueder-schmid-zentrum.de\/fachtagung\/pressespiegel\/#breadcrumb","itemListElement":[{"@type":"ListItem","position":1,"name":"Startseite","item":"https:\/\/gebrueder-schmid-zentrum.de\/fachtagung\/"},{"@type":"ListItem","position":2,"name":"Pressespiegel"}]}]}},"_links":{"self":[{"href":"https:\/\/gebrueder-schmid-zentrum.de\/fachtagung\/wp-json\/wp\/v2\/pages\/1669"}],"collection":[{"href":"https:\/\/gebrueder-schmid-zentrum.de\/fachtagung\/wp-json\/wp\/v2\/pages"}],"about":[{"href":"https:\/\/gebrueder-schmid-zentrum.de\/fachtagung\/wp-json\/wp\/v2\/types\/page"}],"author":[{"embeddable":true,"href":"https:\/\/gebrueder-schmid-zentrum.de\/fachtagung\/wp-json\/wp\/v2\/users\/2"}],"replies":[{"embeddable":true,"href":"https:\/\/gebrueder-schmid-zentrum.de\/fachtagung\/wp-json\/wp\/v2\/comments?post=1669"}],"version-history":[{"count":4,"href":"https:\/\/gebrueder-schmid-zentrum.de\/fachtagung\/wp-json\/wp\/v2\/pages\/1669\/revisions"}],"predecessor-version":[{"id":1674,"href":"https:\/\/gebrueder-schmid-zentrum.de\/fachtagung\/wp-json\/wp\/v2\/pages\/1669\/revisions\/1674"}],"wp:attachment":[{"href":"https:\/\/gebrueder-schmid-zentrum.de\/fachtagung\/wp-json\/wp\/v2\/media?parent=1669"}],"curies":[{"name":"wp","href":"https:\/\/api.w.org\/{rel}","templated":true}]}}