{"id":131,"date":"2016-09-13T18:48:26","date_gmt":"2016-09-13T16:48:26","guid":{"rendered":"http:\/\/gebrueder-schmid-zentrum.de\/fachtagung\/?page_id=131"},"modified":"2016-09-30T14:45:28","modified_gmt":"2016-09-30T12:45:28","slug":"gitta-walchner-kurzbiografie","status":"publish","type":"page","link":"https:\/\/gebrueder-schmid-zentrum.de\/fachtagung\/gitta-walchner-kurzbiografie\/","title":{"rendered":"Gitta Walchner &#8211; Kurzbiografie"},"content":{"rendered":"<h4><img loading=\"lazy\" class=\"alignleft wp-image-136\" title=\"Foto: Gitta Walchner\" src=\"http:\/\/gebrueder-schmid-zentrum.de\/fachtagung\/wp-content\/uploads\/2016\/09\/FotoGittaWalcherKlein-1.jpg\" alt=\"Foto: Gitta Walchner\" width=\"135\" height=\"141\" \/><\/h4>\n<p><strong>Gitta Walchner, Diplom-Kauffrau, ist Unternehmensberaterin und Freie Dozentin f\u00fcr Betriebswirtschaft. Im Leitungsteam Energiefeld Freiburg ist sie Auditorin f\u00fcr Gemeinwohlbilanzen, Referentin und Beraterin. Vortr\u00e4ge hielt sie bei der Wirtschaftsf\u00f6rderung Stuttgart, der Evangelischen Akademie in Bad Boll und Bad Herrenalb sowie bei der Di\u00f6zese Akademie Freising.<\/strong><\/p>\n<p><strong>Andere Stationen ihrer Referenten- und Seminart\u00e4tigkeit waren u. a. die IG Metall, der Reha-Verein Esslingen, die Life-Food GmbH Freiburg und die Gemeinde Sch\u00f6mberg, die Universit\u00e4t T\u00fcbingen und das forstwirtschaftliche Institut Freiburg sowie der EH Freiburg.<\/strong><\/p>\n","protected":false},"excerpt":{"rendered":"<p>Gitta Walchner, Diplom-Kauffrau, ist Unternehmensberaterin und Freie Dozentin f\u00fcr Betriebswirtschaft. Im Leitungsteam Energiefeld Freiburg ist sie Auditorin f\u00fcr Gemeinwohlbilanzen, Referentin und Beraterin. Vortr\u00e4ge hielt sie bei der Wirtschaftsf\u00f6rderung Stuttgart, der Evangelischen Akademie in Bad Boll und Bad Herrenalb sowie bei der Di\u00f6zese Akademie Freising. Andere Stationen ihrer Referenten- und Seminart\u00e4tigkeit waren u. a. die IG [&hellip;]<\/p>\n","protected":false},"author":2,"featured_media":0,"parent":0,"menu_order":0,"comment_status":"closed","ping_status":"closed","template":"","meta":[],"yoast_head":"<!-- This site is optimized with the Yoast SEO plugin v18.4.1 - https:\/\/yoast.com\/wordpress\/plugins\/seo\/ -->\n<title>Gitta Walchner - Kurzbiografie - Fachtagung<\/title>\n<meta name=\"robots\" content=\"index, follow, max-snippet:-1, max-image-preview:large, max-video-preview:-1\" \/>\n<link rel=\"canonical\" href=\"https:\/\/gebrueder-schmid-zentrum.de\/fachtagung\/gitta-walchner-kurzbiografie\/\" \/>\n<meta property=\"og:locale\" content=\"de_DE\" \/>\n<meta property=\"og:type\" content=\"article\" \/>\n<meta property=\"og:title\" content=\"Gitta Walchner - Kurzbiografie - Fachtagung\" \/>\n<meta property=\"og:description\" content=\"Gitta Walchner, Diplom-Kauffrau, ist Unternehmensberaterin und Freie Dozentin f\u00fcr Betriebswirtschaft. Im Leitungsteam Energiefeld Freiburg ist sie Auditorin f\u00fcr Gemeinwohlbilanzen, Referentin und Beraterin. Vortr\u00e4ge hielt sie bei der Wirtschaftsf\u00f6rderung Stuttgart, der Evangelischen Akademie in Bad Boll und Bad Herrenalb sowie bei der Di\u00f6zese Akademie Freising. Andere Stationen ihrer Referenten- und Seminart\u00e4tigkeit waren u. a. die IG [&hellip;]\" \/>\n<meta property=\"og:url\" content=\"https:\/\/gebrueder-schmid-zentrum.de\/fachtagung\/gitta-walchner-kurzbiografie\/\" \/>\n<meta property=\"og:site_name\" content=\"Fachtagung\" \/>\n<meta property=\"article:modified_time\" content=\"2016-09-30T12:45:28+00:00\" \/>\n<meta property=\"og:image\" content=\"http:\/\/gebrueder-schmid-zentrum.de\/fachtagung\/wp-content\/uploads\/2016\/09\/FotoGittaWalcherKlein-1.jpg\" \/>\n<meta name=\"twitter:card\" content=\"summary\" \/>\n<script type=\"application\/ld+json\" class=\"yoast-schema-graph\">{\"@context\":\"https:\/\/schema.org\",\"@graph\":[{\"@type\":\"WebSite\",\"@id\":\"https:\/\/gebrueder-schmid-zentrum.de\/fachtagung\/#website\",\"url\":\"https:\/\/gebrueder-schmid-zentrum.de\/fachtagung\/\",\"name\":\"Fachtagung\",\"description\":\"\",\"potentialAction\":[{\"@type\":\"SearchAction\",\"target\":{\"@type\":\"EntryPoint\",\"urlTemplate\":\"https:\/\/gebrueder-schmid-zentrum.de\/fachtagung\/?s={search_term_string}\"},\"query-input\":\"required name=search_term_string\"}],\"inLanguage\":\"de\"},{\"@type\":\"ImageObject\",\"@id\":\"https:\/\/gebrueder-schmid-zentrum.de\/fachtagung\/gitta-walchner-kurzbiografie\/#primaryimage\",\"inLanguage\":\"de\",\"url\":\"http:\/\/gebrueder-schmid-zentrum.de\/fachtagung\/wp-content\/uploads\/2016\/09\/FotoGittaWalcherKlein-1.jpg\",\"contentUrl\":\"http:\/\/gebrueder-schmid-zentrum.de\/fachtagung\/wp-content\/uploads\/2016\/09\/FotoGittaWalcherKlein-1.jpg\"},{\"@type\":\"WebPage\",\"@id\":\"https:\/\/gebrueder-schmid-zentrum.de\/fachtagung\/gitta-walchner-kurzbiografie\/#webpage\",\"url\":\"https:\/\/gebrueder-schmid-zentrum.de\/fachtagung\/gitta-walchner-kurzbiografie\/\",\"name\":\"Gitta Walchner - Kurzbiografie - Fachtagung\",\"isPartOf\":{\"@id\":\"https:\/\/gebrueder-schmid-zentrum.de\/fachtagung\/#website\"},\"primaryImageOfPage\":{\"@id\":\"https:\/\/gebrueder-schmid-zentrum.de\/fachtagung\/gitta-walchner-kurzbiografie\/#primaryimage\"},\"datePublished\":\"2016-09-13T16:48:26+00:00\",\"dateModified\":\"2016-09-30T12:45:28+00:00\",\"breadcrumb\":{\"@id\":\"https:\/\/gebrueder-schmid-zentrum.de\/fachtagung\/gitta-walchner-kurzbiografie\/#breadcrumb\"},\"inLanguage\":\"de\",\"potentialAction\":[{\"@type\":\"ReadAction\",\"target\":[\"https:\/\/gebrueder-schmid-zentrum.de\/fachtagung\/gitta-walchner-kurzbiografie\/\"]}]},{\"@type\":\"BreadcrumbList\",\"@id\":\"https:\/\/gebrueder-schmid-zentrum.de\/fachtagung\/gitta-walchner-kurzbiografie\/#breadcrumb\",\"itemListElement\":[{\"@type\":\"ListItem\",\"position\":1,\"name\":\"Startseite\",\"item\":\"https:\/\/gebrueder-schmid-zentrum.de\/fachtagung\/\"},{\"@type\":\"ListItem\",\"position\":2,\"name\":\"Gitta Walchner &#8211; Kurzbiografie\"}]}]}<\/script>\n<!-- \/ Yoast SEO plugin. -->","yoast_head_json":{"title":"Gitta Walchner - Kurzbiografie - Fachtagung","robots":{"index":"index","follow":"follow","max-snippet":"max-snippet:-1","max-image-preview":"max-image-preview:large","max-video-preview":"max-video-preview:-1"},"canonical":"https:\/\/gebrueder-schmid-zentrum.de\/fachtagung\/gitta-walchner-kurzbiografie\/","og_locale":"de_DE","og_type":"article","og_title":"Gitta Walchner - Kurzbiografie - Fachtagung","og_description":"Gitta Walchner, Diplom-Kauffrau, ist Unternehmensberaterin und Freie Dozentin f\u00fcr Betriebswirtschaft. Im Leitungsteam Energiefeld Freiburg ist sie Auditorin f\u00fcr Gemeinwohlbilanzen, Referentin und Beraterin. Vortr\u00e4ge hielt sie bei der Wirtschaftsf\u00f6rderung Stuttgart, der Evangelischen Akademie in Bad Boll und Bad Herrenalb sowie bei der Di\u00f6zese Akademie Freising. Andere Stationen ihrer Referenten- und Seminart\u00e4tigkeit waren u. a. die IG [&hellip;]","og_url":"https:\/\/gebrueder-schmid-zentrum.de\/fachtagung\/gitta-walchner-kurzbiografie\/","og_site_name":"Fachtagung","article_modified_time":"2016-09-30T12:45:28+00:00","og_image":[{"url":"http:\/\/gebrueder-schmid-zentrum.de\/fachtagung\/wp-content\/uploads\/2016\/09\/FotoGittaWalcherKlein-1.jpg"}],"twitter_card":"summary","schema":{"@context":"https:\/\/schema.org","@graph":[{"@type":"WebSite","@id":"https:\/\/gebrueder-schmid-zentrum.de\/fachtagung\/#website","url":"https:\/\/gebrueder-schmid-zentrum.de\/fachtagung\/","name":"Fachtagung","description":"","potentialAction":[{"@type":"SearchAction","target":{"@type":"EntryPoint","urlTemplate":"https:\/\/gebrueder-schmid-zentrum.de\/fachtagung\/?s={search_term_string}"},"query-input":"required name=search_term_string"}],"inLanguage":"de"},{"@type":"ImageObject","@id":"https:\/\/gebrueder-schmid-zentrum.de\/fachtagung\/gitta-walchner-kurzbiografie\/#primaryimage","inLanguage":"de","url":"http:\/\/gebrueder-schmid-zentrum.de\/fachtagung\/wp-content\/uploads\/2016\/09\/FotoGittaWalcherKlein-1.jpg","contentUrl":"http:\/\/gebrueder-schmid-zentrum.de\/fachtagung\/wp-content\/uploads\/2016\/09\/FotoGittaWalcherKlein-1.jpg"},{"@type":"WebPage","@id":"https:\/\/gebrueder-schmid-zentrum.de\/fachtagung\/gitta-walchner-kurzbiografie\/#webpage","url":"https:\/\/gebrueder-schmid-zentrum.de\/fachtagung\/gitta-walchner-kurzbiografie\/","name":"Gitta Walchner - Kurzbiografie - Fachtagung","isPartOf":{"@id":"https:\/\/gebrueder-schmid-zentrum.de\/fachtagung\/#website"},"primaryImageOfPage":{"@id":"https:\/\/gebrueder-schmid-zentrum.de\/fachtagung\/gitta-walchner-kurzbiografie\/#primaryimage"},"datePublished":"2016-09-13T16:48:26+00:00","dateModified":"2016-09-30T12:45:28+00:00","breadcrumb":{"@id":"https:\/\/gebrueder-schmid-zentrum.de\/fachtagung\/gitta-walchner-kurzbiografie\/#breadcrumb"},"inLanguage":"de","potentialAction":[{"@type":"ReadAction","target":["https:\/\/gebrueder-schmid-zentrum.de\/fachtagung\/gitta-walchner-kurzbiografie\/"]}]},{"@type":"BreadcrumbList","@id":"https:\/\/gebrueder-schmid-zentrum.de\/fachtagung\/gitta-walchner-kurzbiografie\/#breadcrumb","itemListElement":[{"@type":"ListItem","position":1,"name":"Startseite","item":"https:\/\/gebrueder-schmid-zentrum.de\/fachtagung\/"},{"@type":"ListItem","position":2,"name":"Gitta Walchner &#8211; Kurzbiografie"}]}]}},"_links":{"self":[{"href":"https:\/\/gebrueder-schmid-zentrum.de\/fachtagung\/wp-json\/wp\/v2\/pages\/131"}],"collection":[{"href":"https:\/\/gebrueder-schmid-zentrum.de\/fachtagung\/wp-json\/wp\/v2\/pages"}],"about":[{"href":"https:\/\/gebrueder-schmid-zentrum.de\/fachtagung\/wp-json\/wp\/v2\/types\/page"}],"author":[{"embeddable":true,"href":"https:\/\/gebrueder-schmid-zentrum.de\/fachtagung\/wp-json\/wp\/v2\/users\/2"}],"replies":[{"embeddable":true,"href":"https:\/\/gebrueder-schmid-zentrum.de\/fachtagung\/wp-json\/wp\/v2\/comments?post=131"}],"version-history":[{"count":17,"href":"https:\/\/gebrueder-schmid-zentrum.de\/fachtagung\/wp-json\/wp\/v2\/pages\/131\/revisions"}],"predecessor-version":[{"id":980,"href":"https:\/\/gebrueder-schmid-zentrum.de\/fachtagung\/wp-json\/wp\/v2\/pages\/131\/revisions\/980"}],"wp:attachment":[{"href":"https:\/\/gebrueder-schmid-zentrum.de\/fachtagung\/wp-json\/wp\/v2\/media?parent=131"}],"curies":[{"name":"wp","href":"https:\/\/api.w.org\/{rel}","templated":true}]}}