{"id":1028,"date":"2016-11-09T17:40:08","date_gmt":"2016-11-09T16:40:08","guid":{"rendered":"http:\/\/gebrueder-schmid-zentrum.de\/fachtagung\/?page_id=1028"},"modified":"2016-11-09T18:09:45","modified_gmt":"2016-11-09T17:09:45","slug":"dr-kai-unzicker-kurzbiografie","status":"publish","type":"page","link":"https:\/\/gebrueder-schmid-zentrum.de\/fachtagung\/dr-kai-unzicker-kurzbiografie\/","title":{"rendered":"Dr. Kai Unzicker &#8211; Kurzbiografie"},"content":{"rendered":"<h4><span style=\"color: #000000;\"><strong><img loading=\"lazy\" class=\"wp-image-1029 alignleft\" src=\"http:\/\/gebrueder-schmid-zentrum.de\/fachtagung\/wp-content\/uploads\/2016\/11\/Foto-Kai-Unzicker-216x300.jpg\" alt=\"Foto Kai Unzicker\" width=\"152\" height=\"211\" srcset=\"https:\/\/gebrueder-schmid-zentrum.de\/fachtagung\/wp-content\/uploads\/2016\/11\/Foto-Kai-Unzicker-216x300.jpg 216w, https:\/\/gebrueder-schmid-zentrum.de\/fachtagung\/wp-content\/uploads\/2016\/11\/Foto-Kai-Unzicker-768x1065.jpg 768w, https:\/\/gebrueder-schmid-zentrum.de\/fachtagung\/wp-content\/uploads\/2016\/11\/Foto-Kai-Unzicker-738x1024.jpg 738w, https:\/\/gebrueder-schmid-zentrum.de\/fachtagung\/wp-content\/uploads\/2016\/11\/Foto-Kai-Unzicker-624x865.jpg 624w\" sizes=\"(max-width: 152px) 100vw, 152px\" \/>Dr. Kai Unzicker ist Senior Project Manager bei der Bertelsmann Stiftung in G\u00fctersloh. Er besch\u00e4ftigt sich in seiner Arbeit vor allem mit der Entwicklung des gesellschaftlichen Zusammenhalts in Deutschland und mit kultureller Vielfalt. Vor seiner T\u00e4tigkeit f\u00fcr die Bertelsmann Stiftung war er als Forscher am Institut f\u00fcr interdisziplin\u00e4re Konflikt- und Gewaltforschung an der Universit\u00e4t Bielefeld t\u00e4tig. Er hat an der Phillips Universit\u00e4t Marburg Soziologie, Psychologie und Philosophie studiert.<\/strong><\/span><\/h4>\n<p><span style=\"color: #000000;\"><strong><br \/>\nNeueste Ver\u00f6ffentlichungen:<\/strong><\/span><br \/>\n<span style=\"color: #000000;\"> <strong> Der Kitt der Gesellschaft &#8211; Perspektiven auf den sozialen Zusammenhalt in Deutschland. Verlag Bertelsmann Stiftung. 2016<\/strong><\/span><br \/>\n<span style=\"color: #000000;\"> <strong> Vielfalt statt Abgrenzung &#8211; Wohin steuert Deutschland in der Auseinandersetzung um Einwanderung und Flucht. Verlag Bertelsmann Stiftung. 2016<\/strong><\/span><\/p>\n","protected":false},"excerpt":{"rendered":"<p>Dr. Kai Unzicker ist Senior Project Manager bei der Bertelsmann Stiftung in G\u00fctersloh. Er besch\u00e4ftigt sich in seiner Arbeit vor allem mit der Entwicklung des gesellschaftlichen Zusammenhalts in Deutschland und mit kultureller Vielfalt. Vor seiner T\u00e4tigkeit f\u00fcr die Bertelsmann Stiftung war er als Forscher am Institut f\u00fcr interdisziplin\u00e4re Konflikt- und Gewaltforschung an der Universit\u00e4t Bielefeld [&hellip;]<\/p>\n","protected":false},"author":2,"featured_media":0,"parent":0,"menu_order":0,"comment_status":"closed","ping_status":"closed","template":"","meta":[],"yoast_head":"<!-- This site is optimized with the Yoast SEO plugin v18.4.1 - https:\/\/yoast.com\/wordpress\/plugins\/seo\/ -->\n<title>Dr. Kai Unzicker - Kurzbiografie - Fachtagung<\/title>\n<meta name=\"robots\" content=\"index, follow, max-snippet:-1, max-image-preview:large, max-video-preview:-1\" \/>\n<link rel=\"canonical\" href=\"https:\/\/gebrueder-schmid-zentrum.de\/fachtagung\/dr-kai-unzicker-kurzbiografie\/\" \/>\n<meta property=\"og:locale\" content=\"de_DE\" \/>\n<meta property=\"og:type\" content=\"article\" \/>\n<meta property=\"og:title\" content=\"Dr. Kai Unzicker - Kurzbiografie - Fachtagung\" \/>\n<meta property=\"og:description\" content=\"Dr. Kai Unzicker ist Senior Project Manager bei der Bertelsmann Stiftung in G\u00fctersloh. Er besch\u00e4ftigt sich in seiner Arbeit vor allem mit der Entwicklung des gesellschaftlichen Zusammenhalts in Deutschland und mit kultureller Vielfalt. Vor seiner T\u00e4tigkeit f\u00fcr die Bertelsmann Stiftung war er als Forscher am Institut f\u00fcr interdisziplin\u00e4re Konflikt- und Gewaltforschung an der Universit\u00e4t Bielefeld [&hellip;]\" \/>\n<meta property=\"og:url\" content=\"https:\/\/gebrueder-schmid-zentrum.de\/fachtagung\/dr-kai-unzicker-kurzbiografie\/\" \/>\n<meta property=\"og:site_name\" content=\"Fachtagung\" \/>\n<meta property=\"article:modified_time\" content=\"2016-11-09T17:09:45+00:00\" \/>\n<meta property=\"og:image\" content=\"http:\/\/gebrueder-schmid-zentrum.de\/fachtagung\/wp-content\/uploads\/2016\/11\/Foto-Kai-Unzicker-216x300.jpg\" \/>\n<meta name=\"twitter:card\" content=\"summary\" \/>\n<meta name=\"twitter:label1\" content=\"Gesch\u00e4tzte Lesezeit\" \/>\n\t<meta name=\"twitter:data1\" content=\"1\u00a0Minute\" \/>\n<script type=\"application\/ld+json\" class=\"yoast-schema-graph\">{\"@context\":\"https:\/\/schema.org\",\"@graph\":[{\"@type\":\"WebSite\",\"@id\":\"https:\/\/gebrueder-schmid-zentrum.de\/fachtagung\/#website\",\"url\":\"https:\/\/gebrueder-schmid-zentrum.de\/fachtagung\/\",\"name\":\"Fachtagung\",\"description\":\"\",\"potentialAction\":[{\"@type\":\"SearchAction\",\"target\":{\"@type\":\"EntryPoint\",\"urlTemplate\":\"https:\/\/gebrueder-schmid-zentrum.de\/fachtagung\/?s={search_term_string}\"},\"query-input\":\"required name=search_term_string\"}],\"inLanguage\":\"de\"},{\"@type\":\"ImageObject\",\"@id\":\"https:\/\/gebrueder-schmid-zentrum.de\/fachtagung\/dr-kai-unzicker-kurzbiografie\/#primaryimage\",\"inLanguage\":\"de\",\"url\":\"http:\/\/gebrueder-schmid-zentrum.de\/fachtagung\/wp-content\/uploads\/2016\/11\/Foto-Kai-Unzicker-216x300.jpg\",\"contentUrl\":\"http:\/\/gebrueder-schmid-zentrum.de\/fachtagung\/wp-content\/uploads\/2016\/11\/Foto-Kai-Unzicker-216x300.jpg\"},{\"@type\":\"WebPage\",\"@id\":\"https:\/\/gebrueder-schmid-zentrum.de\/fachtagung\/dr-kai-unzicker-kurzbiografie\/#webpage\",\"url\":\"https:\/\/gebrueder-schmid-zentrum.de\/fachtagung\/dr-kai-unzicker-kurzbiografie\/\",\"name\":\"Dr. Kai Unzicker - Kurzbiografie - Fachtagung\",\"isPartOf\":{\"@id\":\"https:\/\/gebrueder-schmid-zentrum.de\/fachtagung\/#website\"},\"primaryImageOfPage\":{\"@id\":\"https:\/\/gebrueder-schmid-zentrum.de\/fachtagung\/dr-kai-unzicker-kurzbiografie\/#primaryimage\"},\"datePublished\":\"2016-11-09T16:40:08+00:00\",\"dateModified\":\"2016-11-09T17:09:45+00:00\",\"breadcrumb\":{\"@id\":\"https:\/\/gebrueder-schmid-zentrum.de\/fachtagung\/dr-kai-unzicker-kurzbiografie\/#breadcrumb\"},\"inLanguage\":\"de\",\"potentialAction\":[{\"@type\":\"ReadAction\",\"target\":[\"https:\/\/gebrueder-schmid-zentrum.de\/fachtagung\/dr-kai-unzicker-kurzbiografie\/\"]}]},{\"@type\":\"BreadcrumbList\",\"@id\":\"https:\/\/gebrueder-schmid-zentrum.de\/fachtagung\/dr-kai-unzicker-kurzbiografie\/#breadcrumb\",\"itemListElement\":[{\"@type\":\"ListItem\",\"position\":1,\"name\":\"Startseite\",\"item\":\"https:\/\/gebrueder-schmid-zentrum.de\/fachtagung\/\"},{\"@type\":\"ListItem\",\"position\":2,\"name\":\"Dr. Kai Unzicker &#8211; Kurzbiografie\"}]}]}<\/script>\n<!-- \/ Yoast SEO plugin. -->","yoast_head_json":{"title":"Dr. Kai Unzicker - Kurzbiografie - Fachtagung","robots":{"index":"index","follow":"follow","max-snippet":"max-snippet:-1","max-image-preview":"max-image-preview:large","max-video-preview":"max-video-preview:-1"},"canonical":"https:\/\/gebrueder-schmid-zentrum.de\/fachtagung\/dr-kai-unzicker-kurzbiografie\/","og_locale":"de_DE","og_type":"article","og_title":"Dr. Kai Unzicker - Kurzbiografie - Fachtagung","og_description":"Dr. Kai Unzicker ist Senior Project Manager bei der Bertelsmann Stiftung in G\u00fctersloh. Er besch\u00e4ftigt sich in seiner Arbeit vor allem mit der Entwicklung des gesellschaftlichen Zusammenhalts in Deutschland und mit kultureller Vielfalt. Vor seiner T\u00e4tigkeit f\u00fcr die Bertelsmann Stiftung war er als Forscher am Institut f\u00fcr interdisziplin\u00e4re Konflikt- und Gewaltforschung an der Universit\u00e4t Bielefeld [&hellip;]","og_url":"https:\/\/gebrueder-schmid-zentrum.de\/fachtagung\/dr-kai-unzicker-kurzbiografie\/","og_site_name":"Fachtagung","article_modified_time":"2016-11-09T17:09:45+00:00","og_image":[{"url":"http:\/\/gebrueder-schmid-zentrum.de\/fachtagung\/wp-content\/uploads\/2016\/11\/Foto-Kai-Unzicker-216x300.jpg"}],"twitter_card":"summary","twitter_misc":{"Gesch\u00e4tzte Lesezeit":"1\u00a0Minute"},"schema":{"@context":"https:\/\/schema.org","@graph":[{"@type":"WebSite","@id":"https:\/\/gebrueder-schmid-zentrum.de\/fachtagung\/#website","url":"https:\/\/gebrueder-schmid-zentrum.de\/fachtagung\/","name":"Fachtagung","description":"","potentialAction":[{"@type":"SearchAction","target":{"@type":"EntryPoint","urlTemplate":"https:\/\/gebrueder-schmid-zentrum.de\/fachtagung\/?s={search_term_string}"},"query-input":"required name=search_term_string"}],"inLanguage":"de"},{"@type":"ImageObject","@id":"https:\/\/gebrueder-schmid-zentrum.de\/fachtagung\/dr-kai-unzicker-kurzbiografie\/#primaryimage","inLanguage":"de","url":"http:\/\/gebrueder-schmid-zentrum.de\/fachtagung\/wp-content\/uploads\/2016\/11\/Foto-Kai-Unzicker-216x300.jpg","contentUrl":"http:\/\/gebrueder-schmid-zentrum.de\/fachtagung\/wp-content\/uploads\/2016\/11\/Foto-Kai-Unzicker-216x300.jpg"},{"@type":"WebPage","@id":"https:\/\/gebrueder-schmid-zentrum.de\/fachtagung\/dr-kai-unzicker-kurzbiografie\/#webpage","url":"https:\/\/gebrueder-schmid-zentrum.de\/fachtagung\/dr-kai-unzicker-kurzbiografie\/","name":"Dr. Kai Unzicker - Kurzbiografie - Fachtagung","isPartOf":{"@id":"https:\/\/gebrueder-schmid-zentrum.de\/fachtagung\/#website"},"primaryImageOfPage":{"@id":"https:\/\/gebrueder-schmid-zentrum.de\/fachtagung\/dr-kai-unzicker-kurzbiografie\/#primaryimage"},"datePublished":"2016-11-09T16:40:08+00:00","dateModified":"2016-11-09T17:09:45+00:00","breadcrumb":{"@id":"https:\/\/gebrueder-schmid-zentrum.de\/fachtagung\/dr-kai-unzicker-kurzbiografie\/#breadcrumb"},"inLanguage":"de","potentialAction":[{"@type":"ReadAction","target":["https:\/\/gebrueder-schmid-zentrum.de\/fachtagung\/dr-kai-unzicker-kurzbiografie\/"]}]},{"@type":"BreadcrumbList","@id":"https:\/\/gebrueder-schmid-zentrum.de\/fachtagung\/dr-kai-unzicker-kurzbiografie\/#breadcrumb","itemListElement":[{"@type":"ListItem","position":1,"name":"Startseite","item":"https:\/\/gebrueder-schmid-zentrum.de\/fachtagung\/"},{"@type":"ListItem","position":2,"name":"Dr. Kai Unzicker &#8211; Kurzbiografie"}]}]}},"_links":{"self":[{"href":"https:\/\/gebrueder-schmid-zentrum.de\/fachtagung\/wp-json\/wp\/v2\/pages\/1028"}],"collection":[{"href":"https:\/\/gebrueder-schmid-zentrum.de\/fachtagung\/wp-json\/wp\/v2\/pages"}],"about":[{"href":"https:\/\/gebrueder-schmid-zentrum.de\/fachtagung\/wp-json\/wp\/v2\/types\/page"}],"author":[{"embeddable":true,"href":"https:\/\/gebrueder-schmid-zentrum.de\/fachtagung\/wp-json\/wp\/v2\/users\/2"}],"replies":[{"embeddable":true,"href":"https:\/\/gebrueder-schmid-zentrum.de\/fachtagung\/wp-json\/wp\/v2\/comments?post=1028"}],"version-history":[{"count":6,"href":"https:\/\/gebrueder-schmid-zentrum.de\/fachtagung\/wp-json\/wp\/v2\/pages\/1028\/revisions"}],"predecessor-version":[{"id":1039,"href":"https:\/\/gebrueder-schmid-zentrum.de\/fachtagung\/wp-json\/wp\/v2\/pages\/1028\/revisions\/1039"}],"wp:attachment":[{"href":"https:\/\/gebrueder-schmid-zentrum.de\/fachtagung\/wp-json\/wp\/v2\/media?parent=1028"}],"curies":[{"name":"wp","href":"https:\/\/api.w.org\/{rel}","templated":true}]}}